Last updated on 2025-02-16 10:50:52 CET.
Flavor | Version | Tinstall | Tcheck | Ttotal | Status | Flags |
---|---|---|---|---|---|---|
r-devel-linux-x86_64-debian-clang | 1.1 | 9.80 | 73.95 | 83.75 | NOTE | |
r-devel-linux-x86_64-debian-gcc | 1.1 | 7.09 | 52.34 | 59.43 | NOTE | |
r-devel-linux-x86_64-fedora-clang | 1.1 | 128.05 | NOTE | |||
r-devel-linux-x86_64-fedora-gcc | 1.1 | 119.03 | NOTE | |||
r-devel-macos-arm64 | 1.1 | 38.00 | OK | |||
r-devel-macos-x86_64 | 1.1 | 70.00 | NOTE | |||
r-devel-windows-x86_64 | 1.1 | 11.00 | 83.00 | 94.00 | NOTE | |
r-patched-linux-x86_64 | 1.1 | 8.96 | 66.13 | 75.09 | OK | |
r-release-linux-x86_64 | 1.1 | 9.28 | 65.76 | 75.04 | OK | |
r-release-macos-arm64 | 1.1 | 36.00 | OK | |||
r-release-macos-x86_64 | 1.1 | 54.00 | OK | |||
r-release-windows-x86_64 | 1.1 | 10.00 | 79.00 | 89.00 | OK | |
r-oldrel-macos-arm64 | 1.1 | 35.00 | OK | |||
r-oldrel-macos-x86_64 | 1.1 | 71.00 | OK | |||
r-oldrel-windows-x86_64 | 1.1 | 13.00 | 93.00 | 106.00 | OK |
Version: 1.1
Check: DESCRIPTION meta-information
Result: NOTE
Missing dependency on R >= 4.1.0 because package code uses the pipe
|> or function shorthand \(...) syntax added in R 4.1.0.
File(s) using such syntax:
‘summary.mcpmod_simulation.R’
Flavors: r-devel-linux-x86_64-debian-clang, r-devel-linux-x86_64-debian-gcc, r-devel-linux-x86_64-fedora-clang, r-devel-linux-x86_64-fedora-gcc, r-devel-macos-x86_64, r-devel-windows-x86_64
These binaries (installable software) and packages are in development.
They may not be fully stable and should be used with caution. We make no claims about them.