Last updated on 2024-07-27 15:50:25 CEST.
Flavor | Version | Tinstall | Tcheck | Ttotal | Status | Flags |
---|---|---|---|---|---|---|
r-devel-linux-x86_64-debian-clang | 0.5 | 43.07 | 78.86 | 121.93 | OK | |
r-devel-linux-x86_64-debian-gcc | 0.5 | OK | ||||
r-devel-linux-x86_64-fedora-clang | 0.5 | 174.64 | OK | |||
r-devel-linux-x86_64-fedora-gcc | 0.5 | 179.73 | OK | |||
r-devel-windows-x86_64 | 0.5 | 38.00 | 101.00 | 139.00 | OK | |
r-patched-linux-x86_64 | 0.5 | OK | ||||
r-release-linux-x86_64 | 0.5 | 29.36 | 77.82 | 107.18 | OK | |
r-release-macos-arm64 | 0.5 | 45.00 | NOTE | |||
r-release-macos-x86_64 | 0.5 | 67.00 | NOTE | |||
r-release-windows-x86_64 | 0.5 | 42.00 | 99.00 | 141.00 | OK | |
r-oldrel-macos-arm64 | 0.5 | 50.00 | NOTE | |||
r-oldrel-macos-x86_64 | 0.5 | 100.00 | NOTE | |||
r-oldrel-windows-x86_64 | 0.5 | 46.00 | 119.00 | 165.00 | OK |
Version: 0.5
Check: installed package size
Result: NOTE
installed size is 5.9Mb
sub-directories of 1Mb or more:
libs 5.4Mb
Flavors: r-release-macos-arm64, r-release-macos-x86_64, r-oldrel-macos-arm64, r-oldrel-macos-x86_64
These binaries (installable software) and packages are in development.
They may not be fully stable and should be used with caution. We make no claims about them.