Last updated on 2025-02-23 07:52:00 CET.
Flavor | Version | Tinstall | Tcheck | Ttotal | Status | Flags |
---|---|---|---|---|---|---|
r-devel-linux-x86_64-debian-clang | 0.5 | 33.00 | 58.32 | 91.32 | OK | |
r-devel-linux-x86_64-debian-gcc | 0.5 | 26.38 | 44.45 | 70.83 | OK | |
r-devel-linux-x86_64-fedora-clang | 0.5 | 150.54 | OK | |||
r-devel-linux-x86_64-fedora-gcc | 0.5 | 156.98 | OK | |||
r-devel-macos-arm64 | 0.5 | 49.00 | OK | |||
r-devel-macos-x86_64 | 0.5 | 79.00 | OK | |||
r-devel-windows-x86_64 | 0.5 | 39.00 | 98.00 | 137.00 | OK | |
r-patched-linux-x86_64 | 0.5 | 33.11 | 56.44 | 89.55 | OK | |
r-release-linux-x86_64 | 0.5 | 36.35 | 57.85 | 94.20 | OK | |
r-release-macos-arm64 | 0.5 | 45.00 | NOTE | |||
r-release-macos-x86_64 | 0.5 | 67.00 | NOTE | |||
r-release-windows-x86_64 | 0.5 | 38.00 | 94.00 | 132.00 | OK | |
r-oldrel-macos-arm64 | 0.5 | 50.00 | NOTE | |||
r-oldrel-macos-x86_64 | 0.5 | 100.00 | NOTE | |||
r-oldrel-windows-x86_64 | 0.5 | 43.00 | 115.00 | 158.00 | OK |
Version: 0.5
Check: installed package size
Result: NOTE
installed size is 5.9Mb
sub-directories of 1Mb or more:
libs 5.4Mb
Flavors: r-release-macos-arm64, r-release-macos-x86_64, r-oldrel-macos-arm64, r-oldrel-macos-x86_64
These binaries (installable software) and packages are in development.
They may not be fully stable and should be used with caution. We make no claims about them.