Last updated on 2025-10-24 05:50:46 CEST.
| Flavor | Version | Tinstall | Tcheck | Ttotal | Status | Flags |
|---|---|---|---|---|---|---|
| r-devel-linux-x86_64-debian-clang | 0.1.3 | 2.78 | 27.05 | 29.83 | NOTE | |
| r-devel-linux-x86_64-debian-gcc | 0.1.3 | 1.93 | 22.65 | 24.58 | NOTE | |
| r-devel-linux-x86_64-fedora-clang | 0.1.3 | 43.98 | OK | |||
| r-devel-linux-x86_64-fedora-gcc | 0.1.3 | 11.00 | 34.07 | 45.07 | OK | |
| r-devel-windows-x86_64 | 0.1.3 | 3.00 | 50.00 | 53.00 | OK | |
| r-patched-linux-x86_64 | 0.1.3 | 2.84 | 26.24 | 29.08 | OK | |
| r-release-linux-x86_64 | 0.1.3 | 3.00 | 26.18 | 29.18 | OK | |
| r-release-macos-arm64 | 0.1.3 | 1.00 | 18.00 | 19.00 | OK | |
| r-release-macos-x86_64 | 0.1.3 | 2.00 | 28.00 | 30.00 | OK | |
| r-release-windows-x86_64 | 0.1.3 | 6.00 | 52.00 | 58.00 | OK | |
| r-oldrel-macos-arm64 | 0.1.3 | 2.00 | 16.00 | 18.00 | OK | |
| r-oldrel-macos-x86_64 | 0.1.3 | 4.00 | 26.00 | 30.00 | OK | |
| r-oldrel-windows-x86_64 | 0.1.3 | 5.00 | 50.00 | 55.00 | OK |
Version: 0.1.3
Check: CRAN incoming feasibility
Result: NOTE
Maintainer: ‘Leopoldo Catania <leopoldo.catania@gmail.com>’
No Authors@R field in DESCRIPTION.
Please add one, modifying
Authors@R: c(person(given = c("Leopoldo", "Catania", "&", "Mauro"),
family = "Bernardi",
role = "aut"),
person(given = "Leopoldo",
family = "Catania",
role = "cre",
email = "leopoldo.catania@gmail.com"))
as necessary.
Found the following URLs which should use \doi (with the DOI name only):
File ‘LossVol.Rd’:
http://dx.doi.org/10.1002/jae.800
Flavors: r-devel-linux-x86_64-debian-clang, r-devel-linux-x86_64-debian-gcc
Version: 0.1.3
Check: HTML version of manual
Result: NOTE
Found the following HTML validation problems:
SSM-methods.html:47:1 (SSM-methods.Rd:10): Warning: missing </ul> before </div>
Flavor: r-devel-linux-x86_64-debian-clang
These binaries (installable software) and packages are in development.
They may not be fully stable and should be used with caution. We make no claims about them.