CRAN Package Check Results for Package MD2sample

Last updated on 2025-10-23 17:50:53 CEST.

Flavor Version Tinstall Tcheck Ttotal Status Flags
r-devel-linux-x86_64-debian-clang 1.0.0 57.10 259.54 316.64 NOTE
r-devel-linux-x86_64-debian-gcc 1.0.0 39.85 184.71 224.56 OK
r-devel-linux-x86_64-fedora-clang 1.0.0 133.00 385.96 518.96 OK
r-devel-linux-x86_64-fedora-gcc 1.0.0 240.00 320.56 560.56 OK
r-devel-windows-x86_64 1.0.0 66.00 378.00 444.00 OK
r-patched-linux-x86_64 1.0.0 57.10 256.86 313.96 OK
r-release-linux-x86_64 1.0.0 59.98 256.74 316.72 OK
r-release-macos-arm64 1.0.0 20.00 141.00 161.00 OK
r-release-macos-x86_64 1.0.0 21.00 323.00 344.00 OK
r-release-windows-x86_64 1.0.0 67.00 306.00 373.00 OK
r-oldrel-macos-arm64 1.0.0 20.00 134.00 154.00 OK
r-oldrel-macos-x86_64 1.0.0 22.00 306.00 328.00 OK
r-oldrel-windows-x86_64 1.0.0 78.00 420.00 498.00 OK

Check Details

Version: 1.0.0
Check: HTML version of manual
Result: NOTE Found the following HTML validation problems: power_studies_results.html:47:1 (power_studies_results.Rd:11): Warning: missing </ul> before </div> Flavor: r-devel-linux-x86_64-debian-clang

These binaries (installable software) and packages are in development.
They may not be fully stable and should be used with caution. We make no claims about them.