Last updated on 2025-10-23 21:51:32 CEST.
Flavor | Version | Tinstall | Tcheck | Ttotal | Status | Flags |
---|---|---|---|---|---|---|
r-devel-linux-x86_64-debian-clang | 1.3 | 15.89 | 141.05 | 156.94 | OK | |
r-devel-linux-x86_64-debian-gcc | 1.3 | 12.38 | 101.31 | 113.69 | NOTE | |
r-devel-linux-x86_64-fedora-clang | 1.3 | 35.00 | 204.04 | 239.04 | OK | |
r-devel-linux-x86_64-fedora-gcc | 1.3 | 74.00 | 186.74 | 260.74 | OK | |
r-devel-windows-x86_64 | 1.3 | 20.00 | 140.00 | 160.00 | OK | |
r-patched-linux-x86_64 | 1.3 | 15.66 | 133.33 | 148.99 | OK | |
r-release-linux-x86_64 | 1.3 | 16.21 | 132.30 | 148.51 | OK | |
r-release-macos-arm64 | 1.3 | 6.00 | 54.00 | 60.00 | OK | |
r-release-macos-x86_64 | 1.3 | 14.00 | 109.00 | 123.00 | OK | |
r-release-windows-x86_64 | 1.3 | 18.00 | 141.00 | 159.00 | OK | |
r-oldrel-macos-arm64 | 1.3 | 7.00 | 66.00 | 73.00 | OK | |
r-oldrel-macos-x86_64 | 1.3 | 13.00 | 114.00 | 127.00 | OK | |
r-oldrel-windows-x86_64 | 1.3 | 24.00 | 178.00 | 202.00 | OK |
Version: 1.3
Check: Rd files
Result: NOTE
checkRd: (-1) calc.maps.pc.Rd:79-92: Only 4 columns allowed in this table (row 1 has 1)
checkRd: (-1) calc.maps.sphere.Rd:87-100: Only 4 columns allowed in this table (row 1 has 1)
checkRd: (-1) calc.nnfit.from.file.Rd:67-80: Only 4 columns allowed in this table (row 1 has 1)
checkRd: (-1) calc.pair.rf.lod.Rd:39-52: Only 4 columns allowed in this table (row 1 has 1)
checkRd: (-1) estimate.map.Rd:111-124: Only 4 columns allowed in this table (row 1 has 1)
checkRd: (-1) lgI.txt.Rd:12-25: Only 4 columns allowed in this table (row 1 has 1)
checkRd: (-1) lgV.txt.Rd:12-25: Only 4 columns allowed in this table (row 1 has 1)
checkRd: (-1) sim.bc.rflod.file.Rd:23-36: Only 4 columns allowed in this table (row 1 has 1)
Flavor: r-devel-linux-x86_64-debian-gcc
These binaries (installable software) and packages are in development.
They may not be fully stable and should be used with caution. We make no claims about them.