CRAN Package Check Results for Package MDSS

Last updated on 2025-11-11 15:50:39 CET.

Flavor Version Tinstall Tcheck Ttotal Status Flags
r-devel-linux-x86_64-debian-clang 1.0-1 2.49 23.33 25.82 NOTE
r-devel-linux-x86_64-debian-gcc 1.0-1 1.78 18.04 19.82 NOTE
r-devel-linux-x86_64-fedora-clang 1.0-1 12.00 29.94 41.94 OK
r-devel-linux-x86_64-fedora-gcc 1.0-1 37.32 OK
r-devel-windows-x86_64 1.0-1 3.00 42.00 45.00 OK
r-patched-linux-x86_64 1.0-1 2.38 22.09 24.47 OK
r-release-linux-x86_64 1.0-1 2.42 21.81 24.23 OK
r-release-macos-arm64 1.0-1 2.00 17.00 19.00 OK
r-release-macos-x86_64 1.0-1 2.00 25.00 27.00 OK
r-release-windows-x86_64 1.0-1 4.00 40.00 44.00 OK
r-oldrel-macos-arm64 1.0-1 1.00 14.00 15.00 OK
r-oldrel-macos-x86_64 1.0-1 3.00 20.00 23.00 OK
r-oldrel-windows-x86_64 1.0-1 4.00 43.00 47.00 OK

Check Details

Version: 1.0-1
Check: CRAN incoming feasibility
Result: NOTE Maintainer: ‘Takumi Tsutaya <tsutayatakumi@gmail.com>’ No Authors@R field in DESCRIPTION. Please add one, modifying Authors@R: person(given = "Takumi", family = "Tsutaya", role = c("aut", "cre"), email = "tsutayatakumi@gmail.com", comment = c(ORCID = "0000-0001-5104-5223")) as necessary. Flavors: r-devel-linux-x86_64-debian-clang, r-devel-linux-x86_64-debian-gcc

These binaries (installable software) and packages are in development.
They may not be fully stable and should be used with caution. We make no claims about them.