CRAN Package Check Results for Package MEAanalysis

Last updated on 2025-11-13 19:50:29 CET.

Flavor Version Tinstall Tcheck Ttotal Status Flags
r-devel-linux-x86_64-debian-clang 0.1.0 8.67 106.49 115.16 OK
r-devel-linux-x86_64-debian-gcc 0.1.0 7.00 77.79 84.79 OK
r-devel-linux-x86_64-fedora-clang 0.1.0 30.00 159.08 189.08 NOTE
r-devel-linux-x86_64-fedora-gcc 0.1.0 24.00 160.69 184.69 NOTE
r-devel-windows-x86_64 0.1.0 12.00 111.00 123.00 OK
r-patched-linux-x86_64 0.1.0 8.35 98.73 107.08 OK
r-release-linux-x86_64 0.1.0 9.67 100.93 110.60 OK
r-release-macos-arm64 0.1.0 4.00 49.00 53.00 OK
r-release-macos-x86_64 0.1.0 8.00 121.00 129.00 OK
r-release-windows-x86_64 0.1.0 11.00 105.00 116.00 OK
r-oldrel-macos-arm64 0.1.0 4.00 53.00 57.00 OK
r-oldrel-macos-x86_64 0.1.0 9.00 102.00 111.00 OK
r-oldrel-windows-x86_64 0.1.0 15.00 138.00 153.00 OK

Check Details

Version: 0.1.0
Check: dependencies in R code
Result: NOTE Namespaces in Imports field not imported from: ‘kableExtra’ ‘knitr’ ‘reshape2’ ‘tidyverse’ All declared Imports should be used. Flavors: r-devel-linux-x86_64-fedora-clang, r-devel-linux-x86_64-fedora-gcc

These binaries (installable software) and packages are in development.
They may not be fully stable and should be used with caution. We make no claims about them.