CRAN Package Check Results for Package MED

Last updated on 2025-02-16 10:50:52 CET.

Flavor Version Tinstall Tcheck Ttotal Status Flags
r-devel-linux-x86_64-debian-clang 0.1.0 1.96 19.47 21.43 NOTE
r-devel-linux-x86_64-debian-gcc 0.1.0 1.55 15.32 16.87 NOTE
r-devel-linux-x86_64-fedora-clang 0.1.0 35.35 NOTE
r-devel-linux-x86_64-fedora-gcc 0.1.0 33.29 NOTE
r-devel-macos-arm64 0.1.0 15.00 NOTE
r-devel-macos-x86_64 0.1.0 27.00 NOTE
r-devel-windows-x86_64 0.1.0 3.00 43.00 46.00 NOTE
r-patched-linux-x86_64 0.1.0 1.89 18.77 20.66 NOTE
r-release-linux-x86_64 0.1.0 1.79 18.62 20.41 NOTE
r-release-macos-arm64 0.1.0 14.00 NOTE
r-release-macos-x86_64 0.1.0 21.00 NOTE
r-release-windows-x86_64 0.1.0 3.00 43.00 46.00 NOTE
r-oldrel-macos-arm64 0.1.0 16.00 OK
r-oldrel-macos-x86_64 0.1.0 21.00 OK
r-oldrel-windows-x86_64 0.1.0 6.00 42.00 48.00 OK

Check Details

Version: 0.1.0
Check: Rd files
Result: NOTE checkRd: (-1) MED.Rd:25: Lost braces 25 | The vector of treatment assignments of length \eqn{n}. Must be coded as \eqn{\{0,1} {{0,1}}. | ^ Flavors: r-devel-linux-x86_64-debian-clang, r-devel-linux-x86_64-debian-gcc, r-devel-linux-x86_64-fedora-clang, r-devel-linux-x86_64-fedora-gcc, r-devel-macos-arm64, r-devel-macos-x86_64, r-devel-windows-x86_64, r-patched-linux-x86_64, r-release-linux-x86_64, r-release-macos-arm64, r-release-macos-x86_64, r-release-windows-x86_64

These binaries (installable software) and packages are in development.
They may not be fully stable and should be used with caution. We make no claims about them.