Last updated on 2025-10-23 15:50:00 CEST.
Flavor | Version | Tinstall | Tcheck | Ttotal | Status | Flags |
---|---|---|---|---|---|---|
r-devel-linux-x86_64-debian-clang | 0.6.0 | 157.15 | 134.62 | 291.77 | OK | |
r-devel-linux-x86_64-debian-gcc | 0.6.0 | 91.88 | 92.26 | 184.14 | OK | |
r-devel-linux-x86_64-fedora-clang | 0.6.0 | 600.00 | 19.36 | 619.36 | NOTE | |
r-devel-linux-x86_64-fedora-gcc | 0.6.0 | 720.00 | -187.34 | 532.66 | NOTE | |
r-devel-windows-x86_64 | 0.6.0 | 186.00 | 177.00 | 363.00 | OK | |
r-patched-linux-x86_64 | 0.6.0 | 150.52 | 123.84 | 274.36 | OK | |
r-release-linux-x86_64 | 0.6.0 | 143.98 | 124.19 | 268.17 | OK | |
r-release-macos-arm64 | 0.6.0 | 52.00 | 50.00 | 102.00 | OK | |
r-release-macos-x86_64 | 0.6.0 | 53.00 | 89.00 | 142.00 | OK | |
r-release-windows-x86_64 | 0.6.0 | 179.00 | 168.00 | 347.00 | OK | |
r-oldrel-macos-arm64 | 0.6.0 | 49.00 | 56.00 | 105.00 | NOTE | |
r-oldrel-macos-x86_64 | 0.6.0 | 51.00 | 105.00 | 156.00 | NOTE | |
r-oldrel-windows-x86_64 | 0.6.0 | 221.00 | 220.00 | 441.00 | OK |
Version: 0.6.0
Check: dependencies in R code
Result: NOTE
Namespace in Imports field not imported from: ‘Rcpp’
All declared Imports should be used.
Flavors: r-devel-linux-x86_64-fedora-clang, r-devel-linux-x86_64-fedora-gcc
Version: 0.6.0
Check: installed package size
Result: NOTE
installed size is 9.0Mb
sub-directories of 1Mb or more:
data 2.7Mb
libs 5.9Mb
Flavors: r-oldrel-macos-arm64, r-oldrel-macos-x86_64
These binaries (installable software) and packages are in development.
They may not be fully stable and should be used with caution. We make no claims about them.