Last updated on 2025-05-02 04:49:40 CEST.
Flavor | Version | Tinstall | Tcheck | Ttotal | Status | Flags |
---|---|---|---|---|---|---|
r-devel-linux-x86_64-debian-clang | 1.1.1 | 18.38 | 146.44 | 164.82 | NOTE | |
r-devel-linux-x86_64-debian-gcc | 1.1.1 | 11.73 | 103.08 | 114.81 | OK | |
r-devel-linux-x86_64-fedora-clang | 1.1.1 | 245.23 | OK | |||
r-devel-linux-x86_64-fedora-gcc | 1.1.1 | 248.28 | OK | |||
r-devel-windows-x86_64 | 1.1.1 | 19.00 | 150.00 | 169.00 | OK | |
r-patched-linux-x86_64 | 1.1.1 | 16.26 | 136.16 | 152.42 | OK | |
r-release-linux-x86_64 | OK | |||||
r-release-macos-arm64 | 1.1.1 | 68.00 | OK | |||
r-release-macos-x86_64 | 1.1.1 | 131.00 | OK | |||
r-release-windows-x86_64 | 1.1.1 | 19.00 | 146.00 | 165.00 | OK | |
r-oldrel-macos-arm64 | 1.1.1 | 64.00 | OK | |||
r-oldrel-macos-x86_64 | 1.1.1 | 91.00 | OK | |||
r-oldrel-windows-x86_64 | 1.1.1 | 24.00 | 181.00 | 205.00 | OK |
Version: 1.1.1
Check: examples
Result: NOTE
Examples with CPU (user + system) or elapsed time > 5s
user system elapsed
MFggplot 9.947 0.898 12.658
Flavor: r-devel-linux-x86_64-debian-clang
These binaries (installable software) and packages are in development.
They may not be fully stable and should be used with caution. We make no claims about them.