Last updated on 2025-10-23 23:49:36 CEST.
| Flavor | Version | Tinstall | Tcheck | Ttotal | Status | Flags |
|---|---|---|---|---|---|---|
| r-devel-linux-x86_64-debian-clang | 1.1 | 1.87 | 31.83 | 33.70 | OK | |
| r-devel-linux-x86_64-debian-gcc | 1.1 | 1.33 | 22.42 | 23.75 | OK | |
| r-devel-linux-x86_64-fedora-clang | 1.1 | 49.84 | OK | |||
| r-devel-linux-x86_64-fedora-gcc | 1.1 | 52.61 | OK | |||
| r-devel-windows-x86_64 | 1.1 | 2.00 | 46.00 | 48.00 | OK | |
| r-patched-linux-x86_64 | 1.1 | 1.81 | 30.37 | 32.18 | OK | |
| r-release-linux-x86_64 | 1.1 | 1.91 | 29.78 | 31.69 | OK | |
| r-release-macos-arm64 | 1.1 | 1.00 | 32.00 | 33.00 | OK | |
| r-release-macos-x86_64 | 1.1 | 2.00 | 29.00 | 31.00 | OK | |
| r-release-windows-x86_64 | 1.1 | 3.00 | 48.00 | 51.00 | OK | |
| r-oldrel-macos-arm64 | 1.1 | 1.00 | 16.00 | 17.00 | NOTE | |
| r-oldrel-macos-x86_64 | 1.1 | 2.00 | 24.00 | 26.00 | NOTE | |
| r-oldrel-windows-x86_64 | 1.1 | 3.00 | 55.00 | 58.00 | NOTE |
Version: 1.1
Check: LazyData
Result: NOTE
'LazyData' is specified without a 'data' directory
Flavors: r-oldrel-macos-arm64, r-oldrel-macos-x86_64, r-oldrel-windows-x86_64
These binaries (installable software) and packages are in development.
They may not be fully stable and should be used with caution. We make no claims about them.