Last updated on 2025-10-23 11:50:19 CEST.
Flavor | Version | Tinstall | Tcheck | Ttotal | Status | Flags |
---|---|---|---|---|---|---|
r-devel-linux-x86_64-debian-clang | 0.1.0 | 7.54 | 64.93 | 72.47 | NOTE | |
r-devel-linux-x86_64-debian-gcc | 0.1.0 | 4.66 | 48.28 | 52.94 | OK | |
r-devel-linux-x86_64-fedora-clang | 0.1.0 | 16.00 | 96.45 | 112.45 | OK | |
r-devel-linux-x86_64-fedora-gcc | 0.1.0 | 21.00 | 89.64 | 110.64 | OK | |
r-devel-windows-x86_64 | 0.1.0 | 9.00 | 74.00 | 83.00 | OK | |
r-patched-linux-x86_64 | 0.1.0 | 7.32 | 59.51 | 66.83 | OK | |
r-release-linux-x86_64 | 0.1.0 | 7.33 | 60.22 | 67.55 | OK | |
r-release-macos-arm64 | 0.1.0 | 3.00 | 26.00 | 29.00 | OK | |
r-release-macos-x86_64 | 0.1.0 | 5.00 | 47.00 | 52.00 | OK | |
r-release-windows-x86_64 | 0.1.0 | 11.00 | 75.00 | 86.00 | OK | |
r-oldrel-macos-arm64 | 0.1.0 | 3.00 | 27.00 | 30.00 | OK | |
r-oldrel-macos-x86_64 | 0.1.0 | 5.00 | 39.00 | 44.00 | OK | |
r-oldrel-windows-x86_64 | 0.1.0 | 11.00 | 92.00 | 103.00 | OK |
Version: 0.1.0
Check: HTML version of manual
Result: NOTE
Found the following HTML validation problems:
calculate_steps.html:54:1 (calculate_steps.Rd:14): Warning: missing </ul> before </div>
calculate_vars.html:58:1 (calculate_vars.Rd:16): Warning: missing </ul> before </div>
get_5min.html:54:1 (get_5min.Rd:14): Warning: missing </ul> before </div>
met_basal.html:54:1 (met_basal.Rd:14): Warning: missing </ul> before </div>
Flavor: r-devel-linux-x86_64-debian-clang
These binaries (installable software) and packages are in development.
They may not be fully stable and should be used with caution. We make no claims about them.