Last updated on 2025-02-16 10:50:52 CET.
Flavor | Version | Tinstall | Tcheck | Ttotal | Status | Flags |
---|---|---|---|---|---|---|
r-devel-linux-x86_64-debian-clang | 1.3-10 | 11.93 | 198.34 | 210.27 | NOTE | |
r-devel-linux-x86_64-debian-gcc | 1.3-10 | 9.53 | 142.99 | 152.52 | NOTE | |
r-devel-linux-x86_64-fedora-clang | 1.3-10 | 349.70 | OK | |||
r-devel-linux-x86_64-fedora-gcc | 1.3-10 | 346.08 | OK | |||
r-devel-macos-arm64 | 1.3-10 | 130.00 | OK | |||
r-devel-macos-x86_64 | 1.3-10 | 261.00 | OK | |||
r-devel-windows-x86_64 | 1.3-10 | 13.00 | 212.00 | 225.00 | NOTE | |
r-patched-linux-x86_64 | 1.3-10 | 15.18 | 198.73 | 213.91 | OK | |
r-release-linux-x86_64 | 1.3-10 | 10.22 | 196.55 | 206.77 | OK | |
r-release-macos-arm64 | 1.3-10 | 125.00 | OK | |||
r-release-macos-x86_64 | 1.3-10 | 188.00 | OK | |||
r-release-windows-x86_64 | 1.3-10 | 15.00 | 217.00 | 232.00 | OK | |
r-oldrel-macos-arm64 | 1.3-10 | 138.00 | OK | |||
r-oldrel-macos-x86_64 | 1.3-10 | 232.00 | OK | |||
r-oldrel-windows-x86_64 | 1.3-10 | 18.00 | 275.00 | 293.00 | OK |
Version: 1.3-10
Check: Rd cross-references
Result: NOTE
Found the following Rd file(s) with Rd \link{} targets missing package
anchors:
splineFunction1D.Rd: gam
splineFunction2D.Rd: gam
univExpansion.Rd: funData-class
Please provide package anchors for all Rd \link{} targets not in the
package itself and the base packages.
Flavors: r-devel-linux-x86_64-debian-clang, r-devel-linux-x86_64-debian-gcc, r-devel-windows-x86_64
These binaries (installable software) and packages are in development.
They may not be fully stable and should be used with caution. We make no claims about them.