Last updated on 2024-07-27 15:50:25 CEST.
Flavor | Version | Tinstall | Tcheck | Ttotal | Status | Flags |
---|---|---|---|---|---|---|
r-devel-linux-x86_64-debian-clang | 1.3-10 | 12.67 | 261.93 | 274.60 | OK | |
r-devel-linux-x86_64-debian-gcc | 1.3-10 | NOTE | ||||
r-devel-linux-x86_64-fedora-clang | 1.3-10 | 347.23 | OK | |||
r-devel-linux-x86_64-fedora-gcc | 1.3-10 | 359.67 | OK | |||
r-devel-windows-x86_64 | 1.3-10 | 13.00 | 216.00 | 229.00 | NOTE | |
r-patched-linux-x86_64 | 1.3-10 | OK | ||||
r-release-linux-x86_64 | 1.3-10 | 10.74 | 266.43 | 277.17 | OK | |
r-release-macos-arm64 | 1.3-10 | 125.00 | OK | |||
r-release-macos-x86_64 | 1.3-10 | 188.00 | OK | |||
r-release-windows-x86_64 | 1.3-10 | 14.00 | 219.00 | 233.00 | OK | |
r-oldrel-macos-arm64 | 1.3-10 | 138.00 | OK | |||
r-oldrel-macos-x86_64 | 1.3-10 | 232.00 | OK | |||
r-oldrel-windows-x86_64 | 1.3-10 | 18.00 | 264.00 | 282.00 | OK |
Version: 1.3-10
Check: Rd cross-references
Result: NOTE
Found the following Rd file(s) with Rd \link{} targets missing package
anchors:
splineFunction1D.Rd: gam
splineFunction2D.Rd: gam
univExpansion.Rd: funData-class
Please provide package anchors for all Rd \link{} targets not in the
package itself and the base packages.
Flavors: r-devel-linux-x86_64-debian-gcc, r-devel-windows-x86_64
These binaries (installable software) and packages are in development.
They may not be fully stable and should be used with caution. We make no claims about them.