CRAN Package Check Results for Package MFT

Last updated on 2025-10-09 17:50:43 CEST.

Flavor Version Tinstall Tcheck Ttotal Status Flags
r-devel-linux-x86_64-debian-clang 2.0 5.21 48.54 53.75 NOTE
r-devel-linux-x86_64-debian-gcc 2.0 2.80 32.40 35.20 NOTE
r-devel-linux-x86_64-fedora-clang 2.0 81.53 OK
r-devel-linux-x86_64-fedora-gcc 2.0 82.20 OK
r-devel-windows-x86_64 2.0 6.00 66.00 72.00 OK
r-patched-linux-x86_64 2.0 4.83 44.69 49.52 OK
r-release-linux-x86_64 2.0 4.02 44.60 48.62 OK
r-release-macos-arm64 2.0 26.00 OK
r-release-macos-x86_64 2.0 46.00 OK
r-release-windows-x86_64 2.0 5.00 65.00 70.00 OK
r-oldrel-macos-arm64 2.0 23.00 OK
r-oldrel-macos-x86_64 2.0 37.00 OK
r-oldrel-windows-x86_64 2.0 5.00 65.00 70.00 OK

Check Details

Version: 2.0
Check: CRAN incoming feasibility
Result: NOTE Maintainer: ‘Michael Messer <messer@math.uni-frankfurt.de>’ No Authors@R field in DESCRIPTION. Please add one, modifying Authors@R: c(person(given = "Michael", family = "Messer", role = c("aut", "cre"), email = "messer@math.uni-frankfurt.de"), person(given = "Stefan", family = "Albert", role = "aut"), person(given = "Solveig", family = "Plomer", role = "aut"), person(given = "Gaby", family = "Schneider", role = "aut")) as necessary. Flavors: r-devel-linux-x86_64-debian-clang, r-devel-linux-x86_64-debian-gcc

These binaries (installable software) and packages are in development.
They may not be fully stable and should be used with caution. We make no claims about them.