Last updated on 2025-02-07 10:49:26 CET.
Flavor | Version | Tinstall | Tcheck | Ttotal | Status | Flags |
---|---|---|---|---|---|---|
r-devel-linux-x86_64-debian-clang | 1.6.0 | 45.03 | 250.41 | 295.44 | NOTE | |
r-devel-linux-x86_64-debian-gcc | 1.6.0 | 26.69 | 150.08 | 176.77 | NOTE | |
r-devel-linux-x86_64-fedora-clang | 1.6.0 | 514.95 | NOTE | |||
r-devel-linux-x86_64-fedora-gcc | 1.6.0 | 511.12 | NOTE | |||
r-devel-windows-x86_64 | 1.6.0 | 48.00 | 281.00 | 329.00 | NOTE | |
r-patched-linux-x86_64 | 1.6.0 | 46.17 | 236.38 | 282.55 | NOTE | |
r-release-linux-x86_64 | 1.6.0 | 46.79 | 235.31 | 282.10 | NOTE | |
r-release-macos-arm64 | 1.6.0 | 109.00 | NOTE | |||
r-release-macos-x86_64 | 1.6.0 | 197.00 | NOTE | |||
r-release-windows-x86_64 | 1.6.0 | 47.00 | 283.00 | 330.00 | NOTE | |
r-oldrel-macos-arm64 | 1.6.0 | 137.00 | OK | |||
r-oldrel-macos-x86_64 | 1.6.0 | 245.00 | OK | |||
r-oldrel-windows-x86_64 | 1.6.0 | 59.00 | 376.00 | 435.00 | OK |
Version: 1.6.0
Check: Rd files
Result: NOTE
checkRd: (-1) calcQuantiles.Rd:52: Lost braces; missing escapes or markup?
52 | {M/F}\emph{Mean}(patchNum).csv and {M/F}\emph{Quantile}(quantNum)_(patchNum).csv.
| ^
checkRd: (-1) calcQuantiles.Rd:52: Lost braces; missing escapes or markup?
52 | {M/F}\emph{Mean}(patchNum).csv and {M/F}\emph{Quantile}(quantNum)_(patchNum).csv.
| ^
Flavors: r-devel-linux-x86_64-debian-clang, r-devel-linux-x86_64-debian-gcc, r-devel-linux-x86_64-fedora-clang, r-devel-linux-x86_64-fedora-gcc, r-devel-windows-x86_64, r-patched-linux-x86_64, r-release-linux-x86_64, r-release-macos-arm64, r-release-macos-x86_64, r-release-windows-x86_64
Version: 1.6.0
Check: Rd cross-references
Result: NOTE
Found the following Rd file(s) with Rd \link{} targets missing package
anchors:
Network.Rd: R6Class
Patch.Rd: R6Class
Please provide package anchors for all Rd \link{} targets not in the
package itself and the base packages.
Flavors: r-devel-linux-x86_64-debian-clang, r-devel-linux-x86_64-debian-gcc, r-devel-windows-x86_64
These binaries (installable software) and packages are in development.
They may not be fully stable and should be used with caution. We make no claims about them.