Last updated on 2025-02-16 10:50:52 CET.
Flavor | Version | Tinstall | Tcheck | Ttotal | Status | Flags |
---|---|---|---|---|---|---|
r-devel-linux-x86_64-debian-clang | 2.1.0 | 14.86 | 426.91 | 441.77 | NOTE | |
r-devel-linux-x86_64-debian-gcc | 2.1.0 | 10.18 | 277.41 | 287.59 | NOTE | |
r-devel-linux-x86_64-fedora-clang | 2.1.0 | 767.84 | NOTE | |||
r-devel-linux-x86_64-fedora-gcc | 2.1.0 | 738.93 | NOTE | |||
r-devel-macos-arm64 | 2.1.0 | 175.00 | NOTE | |||
r-devel-macos-x86_64 | 2.1.0 | 506.00 | NOTE | |||
r-devel-windows-x86_64 | 2.1.0 | 15.00 | 338.00 | 353.00 | NOTE | |
r-patched-linux-x86_64 | 2.1.0 | 15.07 | 401.96 | 417.03 | NOTE | |
r-release-linux-x86_64 | 2.1.0 | 13.59 | 408.14 | 421.73 | NOTE | |
r-release-macos-arm64 | 2.1.0 | 184.00 | NOTE | |||
r-release-macos-x86_64 | 2.1.0 | 505.00 | NOTE | |||
r-release-windows-x86_64 | 2.1.0 | 16.00 | 338.00 | 354.00 | NOTE | |
r-oldrel-macos-arm64 | 2.1.0 | 192.00 | OK | |||
r-oldrel-macos-x86_64 | 2.1.0 | 300.00 | OK | |||
r-oldrel-windows-x86_64 | 2.1.0 | 15.00 | 415.00 | 430.00 | OK |
Version: 2.1.0
Check: Rd files
Result: NOTE
checkRd: (-1) summarize_stats_CSV.Rd:81: Lost braces; missing escapes or markup?
81 | {stage}\emph{Mean}(patchNum).csv and {stage}\emph{Quantile}(quantNum)_(patchNum).csv.
| ^
checkRd: (-1) summarize_stats_CSV.Rd:81: Lost braces; missing escapes or markup?
81 | {stage}\emph{Mean}(patchNum).csv and {stage}\emph{Quantile}(quantNum)_(patchNum).csv.
| ^
checkRd: (-1) summarize_stats_CSV_decoupled.Rd:84: Lost braces; missing escapes or markup?
84 | {stage}\emph{Mean}(patchNum).csv and {stage}\emph{Quantile}(quantNum)_(patchNum).csv.
| ^
checkRd: (-1) summarize_stats_CSV_decoupled.Rd:84: Lost braces; missing escapes or markup?
84 | {stage}\emph{Mean}(patchNum).csv and {stage}\emph{Quantile}(quantNum)_(patchNum).csv.
| ^
Flavors: r-devel-linux-x86_64-debian-clang, r-devel-linux-x86_64-debian-gcc, r-devel-linux-x86_64-fedora-clang, r-devel-linux-x86_64-fedora-gcc, r-devel-macos-arm64, r-devel-macos-x86_64, r-devel-windows-x86_64, r-patched-linux-x86_64, r-release-linux-x86_64, r-release-macos-arm64, r-release-macos-x86_64, r-release-windows-x86_64
These binaries (installable software) and packages are in development.
They may not be fully stable and should be used with caution. We make no claims about them.