CRAN Package Check Results for Package MGPSDK

Last updated on 2025-05-01 17:56:08 CEST.

Flavor Version Tinstall Tcheck Ttotal Status Flags
r-devel-linux-x86_64-debian-clang 1.0.0 2.51 42.01 44.52 OK
r-devel-linux-x86_64-debian-gcc 1.0.0 1.51 33.64 35.15 OK
r-devel-linux-x86_64-fedora-clang 1.0.0 71.21 NOTE
r-devel-linux-x86_64-fedora-gcc 1.0.0 86.36 NOTE
r-devel-windows-x86_64 1.0.0 3.00 66.00 69.00 OK
r-patched-linux-x86_64 1.0.0 2.42 40.83 43.25 OK
r-release-linux-x86_64 OK
r-release-macos-arm64 1.0.0 47.00 OK
r-release-macos-x86_64 1.0.0 68.00 OK
r-release-windows-x86_64 1.0.0 4.00 67.00 71.00 OK
r-oldrel-macos-arm64 1.0.0 45.00 OK
r-oldrel-macos-x86_64 1.0.0 53.00 OK
r-oldrel-windows-x86_64 1.0.0 4.00 71.00 75.00 OK

Check Details

Version: 1.0.0
Check: dependencies in R code
Result: NOTE Namespaces in Imports field not imported from: ‘R6’ ‘reticulate’ All declared Imports should be used. Flavors: r-devel-linux-x86_64-fedora-clang, r-devel-linux-x86_64-fedora-gcc

These binaries (installable software) and packages are in development.
They may not be fully stable and should be used with caution. We make no claims about them.