CRAN Package Check Results for Package MGSDA

Last updated on 2025-07-02 03:50:45 CEST.

Flavor Version Tinstall Tcheck Ttotal Status Flags
r-devel-linux-x86_64-debian-clang 1.6.1 2.91 21.93 24.84 NOTE
r-devel-linux-x86_64-debian-gcc 1.6.1 2.09 18.41 20.50 NOTE
r-devel-linux-x86_64-fedora-clang 1.6.1 37.91 OK
r-devel-linux-x86_64-fedora-gcc 1.6.1 36.43 OK
r-devel-windows-x86_64 1.6.1 7.00 44.00 51.00 OK
r-patched-linux-x86_64 OK
r-release-linux-x86_64 1.6.1 2.33 20.72 23.05 OK
r-release-macos-arm64 1.6.1 18.00 OK
r-release-macos-x86_64 1.6.1 28.00 OK
r-release-windows-x86_64 1.6.1 6.00 45.00 51.00 OK
r-oldrel-macos-arm64 1.6.1 17.00 OK
r-oldrel-macos-x86_64 1.6.1 23.00 OK
r-oldrel-windows-x86_64 1.6.1 6.00 48.00 54.00 OK

Check Details

Version: 1.6.1
Check: CRAN incoming feasibility
Result: NOTE Maintainer: ‘Irina Gaynanova <irinagn@umich.edu>’ No Authors@R field in DESCRIPTION. Please add one, modifying Authors@R: person(given = "Irina", family = "Gaynanova", role = c("aut", "cre"), email = "irinagn@umich.edu") as necessary. Flavors: r-devel-linux-x86_64-debian-clang, r-devel-linux-x86_64-debian-gcc

These binaries (installable software) and packages are in development.
They may not be fully stable and should be used with caution. We make no claims about them.