CRAN Package Check Results for Package MHD

Last updated on 2025-05-01 10:50:15 CEST.

Flavor Version Tinstall Tcheck Ttotal Status Flags
r-devel-linux-x86_64-debian-clang 0.1.2 16.85 64.54 81.39 NOTE
r-devel-linux-x86_64-debian-gcc 0.1.2 12.05 46.50 58.55 OK
r-devel-linux-x86_64-fedora-clang 0.1.2 128.38 OK
r-devel-linux-x86_64-fedora-gcc 0.1.2 123.86 OK
r-devel-windows-x86_64 0.1.2 20.00 99.00 119.00 OK
r-patched-linux-x86_64 0.1.2 17.71 61.04 78.75 OK
r-release-linux-x86_64 OK
r-release-macos-arm64 0.1.2 39.00 OK
r-release-macos-x86_64 0.1.2 71.00 OK
r-release-windows-x86_64 0.1.2 20.00 105.00 125.00 OK
r-oldrel-macos-arm64 0.1.2 41.00 OK
r-oldrel-macos-x86_64 0.1.2 57.00 OK
r-oldrel-windows-x86_64 0.1.2 22.00 112.00 134.00 OK

Check Details

Version: 0.1.2
Check: examples
Result: NOTE Examples with CPU (user + system) or elapsed time > 5s user system elapsed MHD 6.563 0.075 7.345 Flavor: r-devel-linux-x86_64-debian-clang

These binaries (installable software) and packages are in development.
They may not be fully stable and should be used with caution. We make no claims about them.