Last updated on 2025-05-23 01:51:02 CEST.
Flavor | Version | Tinstall | Tcheck | Ttotal | Status | Flags |
---|---|---|---|---|---|---|
r-devel-linux-x86_64-debian-clang | 0.14.0 | 2.69 | 27.05 | 29.74 | OK | |
r-devel-linux-x86_64-debian-gcc | 0.14.0 | 1.86 | 20.43 | 22.29 | OK | |
r-devel-linux-x86_64-fedora-clang | 0.14.0 | 46.92 | NOTE | |||
r-devel-linux-x86_64-fedora-gcc | 0.14.0 | 43.79 | NOTE | |||
r-devel-windows-x86_64 | 0.14.0 | 6.00 | 49.00 | 55.00 | OK | |
r-patched-linux-x86_64 | 0.14.0 | 2.85 | 25.44 | 28.29 | OK | |
r-release-linux-x86_64 | 0.14.0 | 2.53 | 25.54 | 28.07 | OK | |
r-release-macos-arm64 | 0.14.0 | 20.00 | OK | |||
r-release-macos-x86_64 | 0.14.0 | 27.00 | OK | |||
r-release-windows-x86_64 | 0.14.0 | 6.00 | 52.00 | 58.00 | OK | |
r-oldrel-macos-arm64 | 0.14.0 | 25.00 | OK | |||
r-oldrel-macos-x86_64 | 0.14.0 | 32.00 | OK | |||
r-oldrel-windows-x86_64 | 0.14.0 | 5.00 | 53.00 | 58.00 | OK |
Version: 0.14.0
Check: dependencies in R code
Result: NOTE
Namespaces in Imports field not imported from:
‘DT’ ‘assertthat’ ‘fmsb’ ‘shinyalert’ ‘tidyr’ ‘writexl’
All declared Imports should be used.
Flavors: r-devel-linux-x86_64-fedora-clang, r-devel-linux-x86_64-fedora-gcc
These binaries (installable software) and packages are in development.
They may not be fully stable and should be used with caution. We make no claims about them.