CRAN Package Check Results for Package MIAmaxent

Last updated on 2025-10-23 11:50:19 CEST.

Flavor Version Tinstall Tcheck Ttotal Status Flags
r-devel-linux-x86_64-debian-clang 1.4.0 5.02 607.36 612.38 NOTE
r-devel-linux-x86_64-debian-gcc 1.4.0 3.60 457.49 461.09 NOTE
r-devel-linux-x86_64-fedora-clang 1.4.0 1006.64 OK
r-devel-linux-x86_64-fedora-gcc 1.4.0 21.00 1059.43 1080.43 OK
r-devel-windows-x86_64 1.3.1 8.00 68.00 76.00 OK
r-patched-linux-x86_64 1.4.0 5.37 600.96 606.33 OK
r-release-linux-x86_64 1.3.1 4.93 52.45 57.38 OK
r-release-macos-arm64 1.4.0 2.00 342.00 344.00 OK
r-release-macos-x86_64 1.4.0 4.00 772.00 776.00 OK
r-release-windows-x86_64 1.4.0 15.00 840.00 855.00 OK
r-oldrel-macos-arm64 1.4.0 2.00 345.00 347.00 OK
r-oldrel-macos-x86_64 1.4.0 5.00 883.00 888.00 OK
r-oldrel-windows-x86_64 1.4.0 13.00 774.00 787.00 OK

Check Details

Version: 1.4.0
Check: HTML version of manual
Result: NOTE Found the following HTML validation problems: predict.MIAmaxent_iwlr.html:55:1 (predict.MIAmaxent_iwlr.Rd:14): Warning: missing </ul> before </div> Flavor: r-devel-linux-x86_64-debian-clang

Version: 1.4.0
Check: Rd files
Result: NOTE checkRd: (-1) MIAmaxent-package.Rd:28-29: height/width attributes should be in pixels Flavor: r-devel-linux-x86_64-debian-gcc

These binaries (installable software) and packages are in development.
They may not be fully stable and should be used with caution. We make no claims about them.