Last updated on 2025-10-24 09:50:09 CEST.
| Flavor | Version | Tinstall | Tcheck | Ttotal | Status | Flags |
|---|---|---|---|---|---|---|
| r-devel-linux-x86_64-debian-clang | 1.0 | 2.05 | 22.33 | 24.38 | NOTE | |
| r-devel-linux-x86_64-debian-gcc | 1.0 | 1.60 | 17.42 | 19.02 | NOTE | |
| r-devel-linux-x86_64-fedora-clang | 1.0 | 36.45 | OK | |||
| r-devel-linux-x86_64-fedora-gcc | 1.0 | 37.56 | OK | |||
| r-devel-windows-x86_64 | 1.0 | 3.00 | 39.00 | 42.00 | OK | |
| r-patched-linux-x86_64 | 1.0 | 2.01 | 21.12 | 23.13 | OK | |
| r-release-linux-x86_64 | 1.0 | 1.76 | 21.12 | 22.88 | OK | |
| r-release-macos-arm64 | 1.0 | 1.00 | 20.00 | 21.00 | OK | |
| r-release-macos-x86_64 | 1.0 | 2.00 | 27.00 | 29.00 | OK | |
| r-release-windows-x86_64 | 1.0 | 3.00 | 41.00 | 44.00 | OK | |
| r-oldrel-macos-arm64 | 1.0 | 1.00 | 16.00 | 17.00 | OK | |
| r-oldrel-macos-x86_64 | 1.0 | 2.00 | 24.00 | 26.00 | OK | |
| r-oldrel-windows-x86_64 | 1.0 | 3.00 | 41.00 | 44.00 | OK |
Version: 1.0
Check: CRAN incoming feasibility
Result: NOTE
Maintainer: ‘Peter Ziegler <peter.ziegler@zi-mannheim.de>’
No Authors@R field in DESCRIPTION.
Please add one, modifying
Authors@R: c(person(given = "Stefan",
family = "Wellek",
role = "aut"),
person(given = "Peter",
family = "Ziegler",
role = c("aut", "cre"),
email = "peter.ziegler@zi-mannheim.de"))
as necessary.
Flavors: r-devel-linux-x86_64-debian-clang, r-devel-linux-x86_64-debian-gcc
These binaries (installable software) and packages are in development.
They may not be fully stable and should be used with caution. We make no claims about them.