Last updated on 2025-11-11 15:50:39 CET.
| Flavor | Version | Tinstall | Tcheck | Ttotal | Status | Flags |
|---|---|---|---|---|---|---|
| r-devel-linux-x86_64-debian-clang | 0.1.0 | 14.52 | 115.25 | 129.77 | NOTE | |
| r-devel-linux-x86_64-debian-gcc | 0.1.0 | 10.98 | 81.82 | 92.80 | NOTE | |
| r-devel-linux-x86_64-fedora-clang | 0.1.0 | 69.00 | 146.77 | 215.77 | NOTE | |
| r-devel-linux-x86_64-fedora-gcc | 0.1.0 | 37.00 | 155.04 | 192.04 | NOTE | |
| r-devel-windows-x86_64 | 0.1.0 | 17.00 | 107.00 | 124.00 | NOTE | |
| r-patched-linux-x86_64 | 0.1.0 | 13.02 | 107.31 | 120.33 | NOTE | |
| r-release-linux-x86_64 | 0.1.0 | 14.44 | 107.78 | 122.22 | NOTE | |
| r-release-macos-arm64 | 0.1.0 | 6.00 | 42.00 | 48.00 | NOTE | |
| r-release-macos-x86_64 | 0.1.0 | 11.00 | 81.00 | 92.00 | NOTE | |
| r-release-windows-x86_64 | 0.1.0 | 17.00 | 106.00 | 123.00 | NOTE | |
| r-oldrel-macos-arm64 | 0.1.0 | 6.00 | 46.00 | 52.00 | OK | |
| r-oldrel-macos-x86_64 | 0.1.0 | 10.00 | 63.00 | 73.00 | OK | |
| r-oldrel-windows-x86_64 | 0.1.0 | 23.00 | 140.00 | 163.00 | OK |
Version: 0.1.0
Check: DESCRIPTION meta-information
Result: NOTE
Missing dependency on R >= 4.1.0 because package code uses the pipe
|> or function shorthand \(...) syntax added in R 4.1.0.
File(s) using such syntax:
‘flexImputeModel.R’
Flavors: r-devel-linux-x86_64-debian-clang, r-devel-linux-x86_64-debian-gcc, r-devel-linux-x86_64-fedora-clang, r-devel-linux-x86_64-fedora-gcc, r-devel-windows-x86_64, r-patched-linux-x86_64, r-release-linux-x86_64, r-release-macos-arm64, r-release-macos-x86_64, r-release-windows-x86_64
These binaries (installable software) and packages are in development.
They may not be fully stable and should be used with caution. We make no claims about them.