Last updated on 2025-05-08 04:52:10 CEST.
Flavor | Version | Tinstall | Tcheck | Ttotal | Status | Flags |
---|---|---|---|---|---|---|
r-devel-linux-x86_64-debian-clang | 1.0.3 | 5.81 | 62.31 | 68.12 | NOTE | |
r-devel-linux-x86_64-debian-gcc | 1.0.3 | 4.24 | 40.91 | 45.15 | NOTE | |
r-devel-linux-x86_64-fedora-clang | 1.0.3 | 98.38 | NOTE | |||
r-devel-linux-x86_64-fedora-gcc | 1.0.3 | 92.18 | NOTE | |||
r-devel-windows-x86_64 | 1.0.3 | 9.00 | 70.00 | 79.00 | NOTE | |
r-patched-linux-x86_64 | 1.0.3 | 5.59 | 53.33 | 58.92 | NOTE | |
r-release-linux-x86_64 | 1.0.3 | 5.75 | 53.22 | 58.97 | NOTE | |
r-release-macos-arm64 | 1.0.3 | 30.00 | NOTE | |||
r-release-macos-x86_64 | 1.0.3 | 56.00 | NOTE | |||
r-release-windows-x86_64 | 1.0.3 | 8.00 | 72.00 | 80.00 | NOTE | |
r-oldrel-macos-arm64 | 1.0.3 | 31.00 | OK | |||
r-oldrel-macos-x86_64 | 1.0.3 | 85.00 | OK | |||
r-oldrel-windows-x86_64 | 1.0.3 | 9.00 | 85.00 | 94.00 | OK |
Version: 1.0.3
Check: DESCRIPTION meta-information
Result: NOTE
Missing dependency on R >= 4.1.0 because package code uses the pipe
|> or function shorthand \(...) syntax added in R 4.1.0.
File(s) using such syntax:
‘convert_antibiotics.R’
Flavors: r-devel-linux-x86_64-debian-clang, r-devel-linux-x86_64-debian-gcc, r-devel-linux-x86_64-fedora-clang, r-devel-linux-x86_64-fedora-gcc, r-devel-windows-x86_64, r-patched-linux-x86_64, r-release-linux-x86_64, r-release-macos-arm64, r-release-macos-x86_64, r-release-windows-x86_64
These binaries (installable software) and packages are in development.
They may not be fully stable and should be used with caution. We make no claims about them.