CRAN Package Check Results for Package MIMSunit

Last updated on 2025-07-24 01:50:26 CEST.

Flavor Version Tinstall Tcheck Ttotal Status Flags
r-devel-linux-x86_64-debian-clang 0.11.2 4.42 66.21 70.63 NOTE
r-devel-linux-x86_64-debian-gcc 0.11.2 2.96 55.12 58.08 NOTE
r-devel-linux-x86_64-fedora-clang 0.11.2 103.03 OK
r-devel-linux-x86_64-fedora-gcc 0.11.2 97.78 OK
r-devel-windows-x86_64 0.11.2 7.00 88.00 95.00 OK
r-patched-linux-x86_64 0.11.2 5.21 61.88 67.09 OK
r-release-linux-x86_64 0.11.2 4.27 61.51 65.78 OK
r-release-macos-arm64 0.11.2 37.00 OK
r-release-macos-x86_64 0.11.2 72.00 OK
r-release-windows-x86_64 0.11.2 8.00 85.00 93.00 OK
r-oldrel-macos-arm64 0.11.2 37.00 OK
r-oldrel-macos-x86_64 0.11.2 50.00 OK
r-oldrel-windows-x86_64 0.11.2 8.00 108.00 116.00 OK

Check Details

Version: 0.11.2
Check: CRAN incoming feasibility
Result: NOTE Maintainer: ‘Qu Tang <tang.q@northeastern.edu>’ Package CITATION file contains call(s) to old-style personList() or as.personList(). Please use c() on person objects instead. Package CITATION file contains call(s) to old-style citEntry(). Please use bibentry() instead. Flavors: r-devel-linux-x86_64-debian-clang, r-devel-linux-x86_64-debian-gcc

These binaries (installable software) and packages are in development.
They may not be fully stable and should be used with caution. We make no claims about them.