Last updated on 2025-02-16 10:50:52 CET.
Flavor | Version | Tinstall | Tcheck | Ttotal | Status | Flags |
---|---|---|---|---|---|---|
r-devel-linux-x86_64-debian-clang | 0.1.0 | 889.38 | 206.46 | 1095.84 | OK | |
r-devel-linux-x86_64-debian-gcc | 0.1.0 | 828.38 | 213.63 | 1042.01 | OK | |
r-devel-linux-x86_64-fedora-clang | 0.1.0 | 1683.09 | NOTE | |||
r-devel-linux-x86_64-fedora-gcc | 0.1.0 | 2514.13 | NOTE | |||
r-devel-macos-arm64 | 0.1.0 | 441.00 | OK | |||
r-devel-macos-x86_64 | 0.1.0 | 522.00 | OK | |||
r-devel-windows-x86_64 | 0.1.0 | 807.00 | 296.00 | 1103.00 | OK | |
r-patched-linux-x86_64 | 0.1.0 | 1016.47 | 280.54 | 1297.01 | NOTE | |
r-release-linux-x86_64 | 0.1.0 | 1010.18 | 283.56 | 1293.74 | NOTE | |
r-release-macos-arm64 | 0.1.0 | 434.00 | NOTE | |||
r-release-macos-x86_64 | 0.1.0 | 413.00 | NOTE | |||
r-release-windows-x86_64 | 0.1.0 | 819.00 | 295.00 | 1114.00 | NOTE | |
r-oldrel-macos-arm64 | 0.1.0 | 447.00 | NOTE | |||
r-oldrel-macos-x86_64 | 0.1.0 | 708.00 | NOTE | |||
r-oldrel-windows-x86_64 | 0.1.0 | 1146.00 | 379.00 | 1525.00 | NOTE |
Version: 0.1.0
Check: dependencies in R code
Result: NOTE
Namespaces in Imports field not imported from:
‘pracma’ ‘rstantools’
All declared Imports should be used.
Flavors: r-devel-linux-x86_64-fedora-clang, r-devel-linux-x86_64-fedora-gcc
Version: 0.1.0
Check: for GNU extensions in Makefiles
Result: NOTE
GNU make is a SystemRequirements.
Flavors: r-patched-linux-x86_64, r-release-linux-x86_64, r-release-macos-arm64, r-release-macos-x86_64, r-release-windows-x86_64, r-oldrel-macos-arm64, r-oldrel-macos-x86_64, r-oldrel-windows-x86_64
Version: 0.1.0
Check: installed package size
Result: NOTE
installed size is 164.3Mb
sub-directories of 1Mb or more:
libs 163.7Mb
Flavors: r-release-macos-arm64, r-release-macos-x86_64, r-release-windows-x86_64, r-oldrel-macos-arm64, r-oldrel-macos-x86_64, r-oldrel-windows-x86_64
These binaries (installable software) and packages are in development.
They may not be fully stable and should be used with caution. We make no claims about them.