Last updated on 2025-07-24 09:50:03 CEST.
Flavor | Version | Tinstall | Tcheck | Ttotal | Status | Flags |
---|---|---|---|---|---|---|
r-devel-linux-x86_64-debian-clang | 0.1.1 | 892.91 | 213.61 | 1106.52 | OK | |
r-devel-linux-x86_64-debian-gcc | 0.1.1 | 848.20 | 216.55 | 1064.75 | OK | |
r-devel-linux-x86_64-fedora-clang | 0.1.1 | 1634.62 | NOTE | |||
r-devel-linux-x86_64-fedora-gcc | 0.1.1 | 2372.26 | NOTE | |||
r-devel-windows-x86_64 | 0.1.1 | 920.00 | 309.00 | 1229.00 | OK | |
r-patched-linux-x86_64 | 0.1.1 | 1045.03 | 330.61 | 1375.64 | OK | |
r-release-linux-x86_64 | 0.1.1 | 1021.86 | 303.84 | 1325.70 | OK | |
r-release-macos-arm64 | 0.1.1 | 291.00 | OK | |||
r-release-macos-x86_64 | 0.1.1 | 482.00 | OK | |||
r-release-windows-x86_64 | 0.1.1 | 951.00 | 303.00 | 1254.00 | OK | |
r-oldrel-macos-arm64 | 0.1.1 | 348.00 | NOTE | |||
r-oldrel-macos-x86_64 | 0.1.1 | 592.00 | NOTE | |||
r-oldrel-windows-x86_64 | 0.1.1 | 1070.00 | 392.00 | 1462.00 | NOTE |
Version: 0.1.1
Check: dependencies in R code
Result: NOTE
Namespaces in Imports field not imported from:
‘pracma’ ‘rstantools’
All declared Imports should be used.
Flavors: r-devel-linux-x86_64-fedora-clang, r-devel-linux-x86_64-fedora-gcc
Version: 0.1.1
Check: installed package size
Result: NOTE
installed size is 164.7Mb
sub-directories of 1Mb or more:
libs 164.0Mb
Flavors: r-oldrel-macos-arm64, r-oldrel-macos-x86_64, r-oldrel-windows-x86_64
Version: 0.1.1
Check: for GNU extensions in Makefiles
Result: NOTE
GNU make is a SystemRequirements.
Flavors: r-oldrel-macos-arm64, r-oldrel-macos-x86_64, r-oldrel-windows-x86_64
These binaries (installable software) and packages are in development.
They may not be fully stable and should be used with caution. We make no claims about them.