CRAN Package Check Results for Package MIXFIM

Last updated on 2025-05-08 04:52:11 CEST.

Flavor Version Tinstall Tcheck Ttotal Status Flags
r-devel-linux-x86_64-debian-clang 1.1 20.50 100.81 121.31 NOTE
r-devel-linux-x86_64-debian-gcc 1.1 16.24 74.14 90.38 NOTE
r-devel-linux-x86_64-fedora-clang 1.1 174.57 OK
r-devel-linux-x86_64-fedora-gcc 1.1 190.62 OK
r-devel-windows-x86_64 1.1 15.00 91.00 106.00 OK
r-patched-linux-x86_64 1.1 19.58 97.00 116.58 OK
r-release-linux-x86_64 1.1 21.82 98.01 119.83 OK
r-release-macos-arm64 1.1 43.00 OK
r-release-macos-x86_64 1.1 80.00 OK
r-release-windows-x86_64 1.1 15.00 91.00 106.00 OK
r-oldrel-macos-arm64 1.1 44.00 OK
r-oldrel-macos-x86_64 1.1 64.00 OK
r-oldrel-windows-x86_64 1.1 21.00 115.00 136.00 OK

Check Details

Version: 1.1
Check: CRAN incoming feasibility
Result: NOTE Maintainer: ‘Marie-Karelle Riviere-Jourdan <eldamjh@gmail.com>’ No Authors@R field in DESCRIPTION. Please add one, modifying Authors@R: c(person(given = "Marie-Karelle", family = "Riviere-Jourdan", role = c("aut", "cre"), email = "eldamjh@gmail.com"), person(given = "France", family = "Mentre", role = "aut", email = "france.mentre@inserm.fr")) as necessary. Flavors: r-devel-linux-x86_64-debian-clang, r-devel-linux-x86_64-debian-gcc

These binaries (installable software) and packages are in development.
They may not be fully stable and should be used with caution. We make no claims about them.