CRAN Package Check Results for Package MKdescr

Last updated on 2025-07-26 07:50:27 CEST.

Flavor Version Tinstall Tcheck Ttotal Status Flags
r-devel-linux-x86_64-debian-clang 0.8 5.11 74.19 79.30 NOTE
r-devel-linux-x86_64-debian-gcc 0.8 4.64 52.18 56.82 NOTE
r-devel-linux-x86_64-fedora-clang 0.8 120.60 OK
r-devel-linux-x86_64-fedora-gcc 0.8 128.20 OK
r-devel-windows-x86_64 0.8 7.00 88.00 95.00 OK
r-patched-linux-x86_64 0.8 4.67 69.37 74.04 OK
r-release-linux-x86_64 0.8 5.58 68.73 74.31 OK
r-release-macos-arm64 0.8 61.00 OK
r-release-macos-x86_64 0.8 79.00 OK
r-release-windows-x86_64 0.8 8.00 89.00 97.00 OK
r-oldrel-macos-arm64 0.8 37.00 OK
r-oldrel-macos-x86_64 0.8 61.00 OK
r-oldrel-windows-x86_64 0.8 9.00 103.00 112.00 OK

Check Details

Version: 0.8
Check: CRAN incoming feasibility
Result: NOTE Maintainer: ‘Matthias Kohl <Matthias.Kohl@stamats.de>’ The Description field contains of variation (CV) (Arachchige et al. (2019), <arXiv:1907.01110>), Please refer to arXiv e-prints via their arXiv DOI <doi:10.48550/arXiv.YYMM.NNNNN>. Flavors: r-devel-linux-x86_64-debian-clang, r-devel-linux-x86_64-debian-gcc

These binaries (installable software) and packages are in development.
They may not be fully stable and should be used with caution. We make no claims about them.