CRAN Package Check Results for Package MLBC

Last updated on 2025-10-03 15:49:55 CEST.

Flavor Version Tinstall Tcheck Ttotal Status Flags
r-devel-linux-x86_64-debian-clang 0.2.2 75.91 66.37 142.28 OK
r-devel-linux-x86_64-debian-gcc 0.2.2 65.45 52.31 117.76 OK
r-devel-linux-x86_64-fedora-clang 0.2.2 209.16 OK
r-devel-linux-x86_64-fedora-gcc 0.2.2 268.46 OK
r-devel-windows-x86_64 0.2.2 78.00 100.00 178.00 OK
r-patched-linux-x86_64 0.2.2 86.42 67.08 153.50 OK
r-release-linux-x86_64 0.2.2 88.63 67.18 155.81 OK
r-release-macos-arm64 0.2.2 62.00 OK
r-release-macos-x86_64 0.2.2 138.00 OK
r-release-windows-x86_64 0.2.2 79.00 99.00 178.00 OK
r-oldrel-macos-arm64 0.2.2 62.00 NOTE
r-oldrel-macos-x86_64 0.2.2 144.00 NOTE
r-oldrel-windows-x86_64 0.2.2 97.00 125.00 222.00 NOTE

Check Details

Version: 0.2.2
Check: installed package size
Result: NOTE installed size is 40.6Mb sub-directories of 1Mb or more: libs 40.3Mb Flavors: r-oldrel-macos-arm64, r-oldrel-macos-x86_64, r-oldrel-windows-x86_64

These binaries (installable software) and packages are in development.
They may not be fully stable and should be used with caution. We make no claims about them.