CRAN Package Check Results for Package MLDS

Last updated on 2025-10-04 11:50:41 CEST.

Flavor Version Tinstall Tcheck Ttotal Status Flags
r-devel-linux-x86_64-debian-clang 0.5.1 3.10 48.58 51.68 NOTE
r-devel-linux-x86_64-debian-gcc 0.5.1 1.98 36.50 38.48 NOTE
r-devel-linux-x86_64-fedora-clang 0.5.1 75.09 OK
r-devel-linux-x86_64-fedora-gcc 0.5.1 87.86 OK
r-devel-windows-x86_64 0.5.1 4.00 91.00 95.00 OK
r-patched-linux-x86_64 0.5.1 3.69 47.02 50.71 OK
r-release-linux-x86_64 0.5.1 2.70 46.71 49.41 OK
r-release-macos-arm64 0.5.1 35.00 OK
r-release-macos-x86_64 0.5.1 62.00 OK
r-release-windows-x86_64 0.5.1 5.00 92.00 97.00 OK
r-oldrel-macos-arm64 0.5.1 31.00 OK
r-oldrel-macos-x86_64 0.5.1 48.00 OK
r-oldrel-windows-x86_64 0.5.1 4.00 94.00 98.00 OK

Check Details

Version: 0.5.1
Check: CRAN incoming feasibility
Result: NOTE Maintainer: ‘Kenneth Knoblauch <ken.knoblauch@inserm.fr>’ No Authors@R field in DESCRIPTION. Please add one, modifying Authors@R: c(person(given = "Kenneth", family = "Knoblauch", role = c("aut", "cre"), email = "ken.knoblauch@inserm.fr"), person(given = c("Laurence", "T."), family = "Maloney", role = "aut"), person(given = c("based", "in", "part", "on", "C", "code", "written", "by", "Laurence", "T."), family = "Maloney", role = "aut"), person(given = c("J.", "N."), family = "Yang", role = "aut")) as necessary. Flavors: r-devel-linux-x86_64-debian-clang, r-devel-linux-x86_64-debian-gcc

These binaries (installable software) and packages are in development.
They may not be fully stable and should be used with caution. We make no claims about them.