CRAN Package Check Results for Package MLDataR

Last updated on 2025-11-12 18:50:38 CET.

Flavor Version Tinstall Tcheck Ttotal Status Flags
r-devel-linux-x86_64-debian-clang 1.0.1 2.22 44.00 46.22 OK
r-devel-linux-x86_64-debian-gcc 1.0.1 1.73 32.99 34.72 OK
r-devel-linux-x86_64-fedora-clang 1.0.1 77.16 NOTE
r-devel-linux-x86_64-fedora-gcc 1.0.1 83.41 NOTE
r-devel-windows-x86_64 1.0.1 5.00 63.00 68.00 OK
r-patched-linux-x86_64 1.0.1 2.11 41.31 43.42 OK
r-release-linux-x86_64 1.0.1 2.24 41.07 43.31 OK
r-release-macos-arm64 1.0.1 1.00 30.00 31.00 OK
r-release-macos-x86_64 1.0.1 2.00 50.00 52.00 OK
r-release-windows-x86_64 1.0.1 4.00 61.00 65.00 OK
r-oldrel-macos-arm64 1.0.1 1.00 28.00 29.00 OK
r-oldrel-macos-x86_64 1.0.1 2.00 41.00 43.00 OK
r-oldrel-windows-x86_64 1.0.1 6.00 74.00 80.00 OK

Check Details

Version: 1.0.1
Check: dependencies in R code
Result: NOTE Namespaces in Imports field not imported from: ‘ConfusionTableR’ ‘OddsPlotty’ ‘caret’ ‘dplyr’ ‘ggplot2’ ‘parsnip’ ‘ranger’ ‘recipes’ ‘rsample’ ‘varhandle’ ‘workflows’ All declared Imports should be used. Flavors: r-devel-linux-x86_64-fedora-clang, r-devel-linux-x86_64-fedora-gcc

These binaries (installable software) and packages are in development.
They may not be fully stable and should be used with caution. We make no claims about them.