CRAN Package Check Results for Package MLDataR

Last updated on 2025-05-01 14:49:15 CEST.

Flavor Version Tinstall Tcheck Ttotal Status Flags
r-devel-linux-x86_64-debian-clang 1.0.1 2.17 40.34 42.51 NOTE
r-devel-linux-x86_64-debian-gcc 1.0.1 1.70 30.55 32.25 OK
r-devel-linux-x86_64-fedora-clang 1.0.1 69.77 NOTE
r-devel-linux-x86_64-fedora-gcc 1.0.1 77.10 NOTE
r-devel-windows-x86_64 1.0.1 5.00 61.00 66.00 OK
r-patched-linux-x86_64 1.0.1 2.04 39.08 41.12 OK
r-release-linux-x86_64 OK
r-release-macos-arm64 1.0.1 31.00 OK
r-release-macos-x86_64 1.0.1 52.00 OK
r-release-windows-x86_64 1.0.1 5.00 62.00 67.00 OK
r-oldrel-macos-arm64 1.0.1 29.00 OK
r-oldrel-macos-x86_64 1.0.1 43.00 OK
r-oldrel-windows-x86_64 1.0.1 5.00 69.00 74.00 OK

Check Details

Version: 1.0.1
Check: examples
Result: NOTE Examples with CPU (user + system) or elapsed time > 5s user system elapsed heartdisease 3.708 0.272 5.433 Flavor: r-devel-linux-x86_64-debian-clang

Version: 1.0.1
Check: dependencies in R code
Result: NOTE Namespaces in Imports field not imported from: ‘ConfusionTableR’ ‘OddsPlotty’ ‘caret’ ‘dplyr’ ‘ggplot2’ ‘parsnip’ ‘ranger’ ‘recipes’ ‘rsample’ ‘varhandle’ ‘workflows’ All declared Imports should be used. Flavors: r-devel-linux-x86_64-fedora-clang, r-devel-linux-x86_64-fedora-gcc

These binaries (installable software) and packages are in development.
They may not be fully stable and should be used with caution. We make no claims about them.