Last updated on 2024-07-27 15:50:26 CEST.
Flavor | Version | Tinstall | Tcheck | Ttotal | Status | Flags |
---|---|---|---|---|---|---|
r-devel-linux-x86_64-debian-clang | 1.0.1 | 2.48 | 49.84 | 52.32 | OK | |
r-devel-linux-x86_64-debian-gcc | 1.0.1 | OK | ||||
r-devel-linux-x86_64-fedora-clang | 1.0.1 | 70.13 | NOTE | |||
r-devel-linux-x86_64-fedora-gcc | 1.0.1 | 81.88 | NOTE | |||
r-devel-windows-x86_64 | 1.0.1 | 4.00 | 61.00 | 65.00 | OK | |
r-patched-linux-x86_64 | 1.0.1 | OK | ||||
r-release-linux-x86_64 | 1.0.1 | 1.85 | 47.99 | 49.84 | OK | |
r-release-macos-arm64 | 1.0.1 | 29.00 | OK | |||
r-release-macos-x86_64 | 1.0.1 | 43.00 | OK | |||
r-release-windows-x86_64 | 1.0.1 | 5.00 | 59.00 | 64.00 | OK | |
r-oldrel-macos-arm64 | 1.0.1 | 32.00 | OK | |||
r-oldrel-macos-x86_64 | 1.0.1 | 46.00 | OK | |||
r-oldrel-windows-x86_64 | 1.0.1 | 6.00 | 70.00 | 76.00 | OK |
Version: 1.0.1
Check: dependencies in R code
Result: NOTE
Namespaces in Imports field not imported from:
‘ConfusionTableR’ ‘OddsPlotty’ ‘caret’ ‘dplyr’ ‘ggplot2’ ‘parsnip’
‘ranger’ ‘recipes’ ‘rsample’ ‘varhandle’ ‘workflows’
All declared Imports should be used.
Flavors: r-devel-linux-x86_64-fedora-clang, r-devel-linux-x86_64-fedora-gcc
These binaries (installable software) and packages are in development.
They may not be fully stable and should be used with caution. We make no claims about them.