Last updated on 2025-05-08 04:52:11 CEST.
Flavor | Version | Tinstall | Tcheck | Ttotal | Status | Flags |
---|---|---|---|---|---|---|
r-devel-linux-x86_64-debian-clang | 0.4.2 | 15.82 | 102.53 | 118.35 | NOTE | |
r-devel-linux-x86_64-debian-gcc | 0.4.2 | 10.91 | 71.76 | 82.67 | NOTE | |
r-devel-linux-x86_64-fedora-clang | 0.4.2 | 183.34 | OK | |||
r-devel-linux-x86_64-fedora-gcc | 0.4.2 | 179.05 | OK | |||
r-devel-windows-x86_64 | 0.4.2 | 19.00 | 106.00 | 125.00 | OK | |
r-patched-linux-x86_64 | 0.4.2 | 14.29 | 96.11 | 110.40 | OK | |
r-release-linux-x86_64 | 0.4.2 | 16.94 | 95.19 | 112.13 | OK | |
r-release-macos-arm64 | 0.4.2 | 52.00 | OK | |||
r-release-macos-x86_64 | 0.4.2 | 99.00 | OK | |||
r-release-windows-x86_64 | 0.4.2 | 19.00 | 107.00 | 126.00 | OK | |
r-oldrel-macos-arm64 | 0.4.2 | 55.00 | OK | |||
r-oldrel-macos-x86_64 | 0.4.2 | 102.00 | OK | |||
r-oldrel-windows-x86_64 | 0.4.2 | 23.00 | 137.00 | 160.00 | OK |
Version: 0.4.2
Check: CRAN incoming feasibility
Result: NOTE
Maintainer: ‘Jernej Jevsenak <jernej.jevsenak@gmail.com>’
No Authors@R field in DESCRIPTION.
Please add one, modifying
Authors@R: person(given = "Jernej",
family = "Jevsenak",
role = c("aut", "cre"),
email = "jernej.jevsenak@gmail.com")
as necessary.
Package CITATION file contains call(s) to old-style personList() or
as.personList(). Please use c() on person objects instead.
Package CITATION file contains call(s) to old-style citEntry(). Please
use bibentry() instead.
Flavors: r-devel-linux-x86_64-debian-clang, r-devel-linux-x86_64-debian-gcc
These binaries (installable software) and packages are in development.
They may not be fully stable and should be used with caution. We make no claims about them.