Last updated on 2025-02-16 10:50:52 CET.
Flavor | Version | Tinstall | Tcheck | Ttotal | Status | Flags |
---|---|---|---|---|---|---|
r-devel-linux-x86_64-debian-clang | 1.0.0 | 11.70 | 91.99 | 103.69 | NOTE | |
r-devel-linux-x86_64-debian-gcc | 1.0.0 | 7.39 | 64.45 | 71.84 | NOTE | |
r-devel-linux-x86_64-fedora-clang | 1.0.0 | 178.71 | NOTE | |||
r-devel-linux-x86_64-fedora-gcc | 1.0.0 | 158.89 | NOTE | |||
r-devel-macos-arm64 | 1.0.0 | 46.00 | NOTE | |||
r-devel-macos-x86_64 | 1.0.0 | 91.00 | NOTE | |||
r-devel-windows-x86_64 | 1.0.0 | 13.00 | 104.00 | 117.00 | NOTE | |
r-patched-linux-x86_64 | 1.0.0 | 18.04 | 83.99 | 102.03 | NOTE | |
r-release-linux-x86_64 | 1.0.0 | 11.49 | 86.45 | 97.94 | NOTE | |
r-release-macos-arm64 | 1.0.0 | 44.00 | NOTE | |||
r-release-macos-x86_64 | 1.0.0 | 70.00 | NOTE | |||
r-release-windows-x86_64 | 1.0.0 | 12.00 | 105.00 | 117.00 | NOTE | |
r-oldrel-macos-arm64 | 1.0.0 | 50.00 | OK | |||
r-oldrel-macos-x86_64 | 1.0.0 | 83.00 | OK | |||
r-oldrel-windows-x86_64 | 1.0.0 | 17.00 | 121.00 | 138.00 | OK |
Version: 1.0.0
Check: Rd files
Result: NOTE
checkRd: (-1) MLGL.Rd:43: Lost braces; missing escapes or markup?
43 | \item{y}{vector of size n. If loss = "logit", elements of y must be in {-1,1}}
| ^
checkRd: (-1) cv.MLGL.Rd:25: Lost braces; missing escapes or markup?
25 | \item{y}{vector of size n. If loss = "logit", elements of y must be in {-1,1}}
| ^
checkRd: (-1) overlapgglasso.Rd:26: Lost braces; missing escapes or markup?
26 | \item{y}{vector of size n. If loss = "logit", elements of y must be in {-1,1}}
| ^
checkRd: (-1) stability.MLGL.Rd:25: Lost braces; missing escapes or markup?
25 | \item{y}{vector of size n. If loss = "logit", elements of y must be in {-1,1}}
| ^
Flavors: r-devel-linux-x86_64-debian-clang, r-devel-linux-x86_64-debian-gcc, r-devel-linux-x86_64-fedora-clang, r-devel-linux-x86_64-fedora-gcc, r-devel-macos-arm64, r-devel-macos-x86_64, r-devel-windows-x86_64, r-patched-linux-x86_64, r-release-linux-x86_64, r-release-macos-arm64, r-release-macos-x86_64, r-release-windows-x86_64
Version: 1.0.0
Check: Rd cross-references
Result: NOTE
Found the following Rd file(s) with Rd \link{} targets missing package
anchors:
MLGL.Rd: gglasso
cv.MLGL.Rd: cv.gglasso, predict.cv.gglasso
overlapgglasso.Rd: gglasso
stability.MLGL.Rd: gglasso
Please provide package anchors for all Rd \link{} targets not in the
package itself and the base packages.
Flavors: r-devel-linux-x86_64-debian-clang, r-devel-linux-x86_64-debian-gcc, r-devel-windows-x86_64
These binaries (installable software) and packages are in development.
They may not be fully stable and should be used with caution. We make no claims about them.