Last updated on 2025-05-01 12:49:33 CEST.
Flavor | Version | Tinstall | Tcheck | Ttotal | Status | Flags |
---|---|---|---|---|---|---|
r-devel-linux-x86_64-debian-clang | 1.0.0 | 11.95 | 97.92 | 109.87 | NOTE | |
r-devel-linux-x86_64-debian-gcc | 1.0.0 | 9.07 | 69.62 | 78.69 | NOTE | |
r-devel-linux-x86_64-fedora-clang | 1.0.0 | 162.40 | NOTE | |||
r-devel-linux-x86_64-fedora-gcc | 1.0.0 | 152.13 | NOTE | |||
r-devel-windows-x86_64 | 1.0.0 | 15.00 | 107.00 | 122.00 | NOTE | |
r-patched-linux-x86_64 | 1.0.0 | 12.66 | 91.98 | 104.64 | NOTE | |
r-release-linux-x86_64 | NOTE | |||||
r-release-macos-arm64 | 1.0.0 | 47.00 | NOTE | |||
r-release-macos-x86_64 | 1.0.0 | 91.00 | NOTE | |||
r-release-windows-x86_64 | 1.0.0 | 14.00 | 108.00 | 122.00 | NOTE | |
r-oldrel-macos-arm64 | 1.0.0 | 44.00 | NOTE | |||
r-oldrel-macos-x86_64 | 1.0.0 | 70.00 | NOTE | |||
r-oldrel-windows-x86_64 | 1.0.0 | 17.00 | 136.00 | 153.00 | NOTE |
Version: 1.0.0
Check: Rd files
Result: NOTE
checkRd: (-1) MLGL.Rd:43: Lost braces; missing escapes or markup?
43 | \item{y}{vector of size n. If loss = "logit", elements of y must be in {-1,1}}
| ^
checkRd: (-1) cv.MLGL.Rd:25: Lost braces; missing escapes or markup?
25 | \item{y}{vector of size n. If loss = "logit", elements of y must be in {-1,1}}
| ^
checkRd: (-1) overlapgglasso.Rd:26: Lost braces; missing escapes or markup?
26 | \item{y}{vector of size n. If loss = "logit", elements of y must be in {-1,1}}
| ^
checkRd: (-1) stability.MLGL.Rd:25: Lost braces; missing escapes or markup?
25 | \item{y}{vector of size n. If loss = "logit", elements of y must be in {-1,1}}
| ^
Flavors: r-devel-linux-x86_64-debian-clang, r-devel-linux-x86_64-debian-gcc, r-devel-linux-x86_64-fedora-clang, r-devel-linux-x86_64-fedora-gcc, r-devel-windows-x86_64, r-patched-linux-x86_64, r-release-linux-x86_64, r-release-macos-arm64, r-release-macos-x86_64, r-release-windows-x86_64, r-oldrel-macos-arm64, r-oldrel-macos-x86_64, r-oldrel-windows-x86_64
Version: 1.0.0
Check: Rd cross-references
Result: NOTE
Found the following Rd file(s) with Rd \link{} targets missing package
anchors:
MLGL.Rd: gglasso
cv.MLGL.Rd: cv.gglasso, predict.cv.gglasso
overlapgglasso.Rd: gglasso
stability.MLGL.Rd: gglasso
Please provide package anchors for all Rd \link{} targets not in the
package itself and the base packages.
Flavors: r-devel-linux-x86_64-debian-clang, r-devel-linux-x86_64-debian-gcc, r-devel-windows-x86_64, r-patched-linux-x86_64, r-release-linux-x86_64, r-release-windows-x86_64
These binaries (installable software) and packages are in development.
They may not be fully stable and should be used with caution. We make no claims about them.