CRAN Package Check Results for Package MLGdata

Last updated on 2025-11-11 17:50:06 CET.

Flavor Version Tinstall Tcheck Ttotal Status Flags
r-devel-linux-x86_64-debian-clang 0.1.0 2.02 25.92 27.94 NOTE
r-devel-linux-x86_64-debian-gcc 0.1.0 1.47 19.90 21.37 NOTE
r-devel-linux-x86_64-fedora-clang 0.1.0 42.07 OK
r-devel-linux-x86_64-fedora-gcc 0.1.0 37.33 OK
r-devel-windows-x86_64 0.1.0 4.00 51.00 55.00 OK
r-patched-linux-x86_64 0.1.0 2.68 24.62 27.30 OK
r-release-linux-x86_64 0.1.0 1.68 24.07 25.75 OK
r-release-macos-arm64 0.1.0 1.00 16.00 17.00 OK
r-release-macos-x86_64 0.1.0 2.00 25.00 27.00 OK
r-release-windows-x86_64 0.1.0 4.00 50.00 54.00 OK
r-oldrel-macos-arm64 0.1.0 1.00 15.00 16.00 OK
r-oldrel-macos-x86_64 0.1.0 2.00 22.00 24.00 OK
r-oldrel-windows-x86_64 0.1.0 4.00 50.00 54.00 OK

Check Details

Version: 0.1.0
Check: CRAN incoming feasibility
Result: NOTE Maintainer: ‘Nicola Sartori <nicola.sartori@unipd.it>’ No Authors@R field in DESCRIPTION. Please add one, modifying Authors@R: c(person(given = "Nicola", family = "Sartori", role = c("aut", "cre"), email = "nicola.sartori@unipd.it"), person(given = "Alessandra", family = "Salvan", role = "aut"), person(given = "Luigi", family = "Pace", role = "aut")) as necessary. Flavors: r-devel-linux-x86_64-debian-clang, r-devel-linux-x86_64-debian-gcc

These binaries (installable software) and packages are in development.
They may not be fully stable and should be used with caution. We make no claims about them.