Last updated on 2025-05-01 14:49:15 CEST.
Flavor | Version | Tinstall | Tcheck | Ttotal | Status | Flags |
---|---|---|---|---|---|---|
r-devel-linux-x86_64-debian-clang | 1.0.1 | 6.23 | 89.07 | 95.30 | NOTE | |
r-devel-linux-x86_64-debian-gcc | 1.0.1 | 4.13 | 65.25 | 69.38 | NOTE | |
r-devel-linux-x86_64-fedora-clang | 1.0.1 | 146.09 | NOTE | |||
r-devel-linux-x86_64-fedora-gcc | 1.0.1 | 157.40 | NOTE | |||
r-devel-windows-x86_64 | 1.0.1 | 9.00 | 113.00 | 122.00 | OK | |
r-patched-linux-x86_64 | 1.0.1 | 6.45 | 85.17 | 91.62 | OK | |
r-release-linux-x86_64 | OK | |||||
r-release-macos-arm64 | 1.0.1 | 63.00 | OK | |||
r-release-macos-x86_64 | 1.0.1 | 120.00 | OK | |||
r-release-windows-x86_64 | 1.0.1 | 9.00 | 106.00 | 115.00 | OK | |
r-oldrel-macos-arm64 | 1.0.1 | 69.00 | OK | |||
r-oldrel-macos-x86_64 | 1.0.1 | 96.00 | OK | |||
r-oldrel-windows-x86_64 | 1.0.1 | 12.00 | 129.00 | 141.00 | OK |
Version: 1.0.1
Check: CRAN incoming feasibility
Result: NOTE
Maintainer: ‘Richard Harris <rich.harris@bris.ac.uk>’
No Authors@R field in DESCRIPTION.
Please add one, modifying
Authors@R: c(person(given = "Richard",
family = "Harris",
role = c("aut", "cre"),
email = "rich.harris@bris.ac.uk"),
person(given = "Dewi",
family = "Owen",
role = "ctb"))
as necessary.
Package CITATION file contains call(s) to old-style personList() or
as.personList(). Please use c() on person objects instead.
Package CITATION file contains call(s) to old-style citEntry(). Please
use bibentry() instead.
Found the following URLs which should use \doi (with the DOI name only):
File ‘aggdata.Rd’:
http://dx.doi.org/10.5257/census/aggregate-2011-1
File ‘ethnicities.Rd’:
http://dx.doi.org/10.5257/census/aggregate-2011-1
Flavors: r-devel-linux-x86_64-debian-clang, r-devel-linux-x86_64-debian-gcc
Version: 1.0.1
Check: examples
Result: NOTE
Examples with CPU (user + system) or elapsed time > 5s
user system elapsed
residuals.index 6.193 0.2 8.672
Flavor: r-devel-linux-x86_64-debian-clang
Version: 1.0.1
Check: dependencies in R code
Result: NOTE
Namespace in Imports field not imported from: ‘nlme’
All declared Imports should be used.
Flavors: r-devel-linux-x86_64-fedora-clang, r-devel-linux-x86_64-fedora-gcc
These binaries (installable software) and packages are in development.
They may not be fully stable and should be used with caution. We make no claims about them.