Last updated on 2025-02-16 12:53:44 CET.
Flavor | Version | Tinstall | Tcheck | Ttotal | Status | Flags |
---|---|---|---|---|---|---|
r-devel-linux-x86_64-debian-clang | 1.0.1 | 6.14 | 85.07 | 91.21 | OK | |
r-devel-linux-x86_64-debian-gcc | 1.0.1 | 4.78 | 61.74 | 66.52 | OK | |
r-devel-linux-x86_64-fedora-clang | 1.0.1 | 148.93 | NOTE | |||
r-devel-linux-x86_64-fedora-gcc | 1.0.1 | 152.90 | NOTE | |||
r-devel-macos-arm64 | 1.0.1 | 61.00 | OK | |||
r-devel-macos-x86_64 | 1.0.1 | 115.00 | OK | |||
r-devel-windows-x86_64 | 1.0.1 | 10.00 | 108.00 | 118.00 | OK | |
r-patched-linux-x86_64 | 1.0.1 | 6.51 | 83.43 | 89.94 | OK | |
r-release-linux-x86_64 | 1.0.1 | 6.93 | 83.26 | 90.19 | OK | |
r-release-macos-arm64 | 1.0.1 | 69.00 | OK | |||
r-release-macos-x86_64 | 1.0.1 | 96.00 | OK | |||
r-release-windows-x86_64 | 1.0.1 | 9.00 | 104.00 | 113.00 | OK | |
r-oldrel-macos-arm64 | 1.0.1 | 63.00 | OK | |||
r-oldrel-macos-x86_64 | 1.0.1 | 91.00 | OK | |||
r-oldrel-windows-x86_64 | 1.0.1 | 12.00 | 151.00 | 163.00 | OK |
Version: 1.0.1
Check: dependencies in R code
Result: NOTE
Namespace in Imports field not imported from: ‘nlme’
All declared Imports should be used.
Flavors: r-devel-linux-x86_64-fedora-clang, r-devel-linux-x86_64-fedora-gcc
These binaries (installable software) and packages are in development.
They may not be fully stable and should be used with caution. We make no claims about them.