CRAN Package Check Results for Package MLVSBM

Last updated on 2025-07-02 03:50:46 CEST.

Flavor Version Tinstall Tcheck Ttotal Status Flags
r-devel-linux-x86_64-debian-clang 0.2.4 8.21 67.92 76.13 NOTE
r-devel-linux-x86_64-debian-gcc 0.2.4 4.95 48.49 53.44 NOTE
r-devel-linux-x86_64-fedora-clang 0.2.4 126.13 OK
r-devel-linux-x86_64-fedora-gcc 0.2.4 126.03 OK
r-devel-windows-x86_64 0.2.4 8.00 81.00 89.00 OK
r-patched-linux-x86_64 OK
r-release-linux-x86_64 0.2.4 7.52 62.16 69.68 OK
r-release-macos-arm64 0.2.4 55.00 OK
r-release-macos-x86_64 0.2.4 86.00 OK
r-release-windows-x86_64 0.2.4 8.00 81.00 89.00 OK
r-oldrel-macos-arm64 0.2.4 43.00 OK
r-oldrel-macos-x86_64 0.2.4 59.00 OK
r-oldrel-windows-x86_64 0.2.4 13.00 109.00 122.00 OK

Check Details

Version: 0.2.4
Check: CRAN incoming feasibility
Result: NOTE Maintainer: ‘Saint-Clair Chabert-Liddell <academic@chabert-liddell.com>’ Package CITATION file contains call(s) to old-style personList() or as.personList(). Please use c() on person objects instead. Package CITATION file contains call(s) to old-style citEntry(). Please use bibentry() instead. Flavors: r-devel-linux-x86_64-debian-clang, r-devel-linux-x86_64-debian-gcc

These binaries (installable software) and packages are in development.
They may not be fully stable and should be used with caution. We make no claims about them.