Last updated on 2025-05-08 04:52:11 CEST.
Flavor | Version | Tinstall | Tcheck | Ttotal | Status | Flags |
---|---|---|---|---|---|---|
r-devel-linux-x86_64-debian-clang | 0.1.5 | 127.43 | 122.55 | 249.98 | OK | |
r-devel-linux-x86_64-debian-gcc | 0.1.5 | 93.39 | 89.61 | 183.00 | OK | |
r-devel-linux-x86_64-fedora-clang | 0.1.5 | 357.89 | OK | |||
r-devel-linux-x86_64-fedora-gcc | 0.1.5 | 486.26 | OK | |||
r-devel-windows-x86_64 | 0.1.5 | 116.00 | 150.00 | 266.00 | OK | |
r-patched-linux-x86_64 | 0.1.5 | 129.07 | 119.79 | 248.86 | OK | |
r-release-linux-x86_64 | 0.1.5 | 130.31 | 120.43 | 250.74 | OK | |
r-release-macos-arm64 | 0.1.5 | 128.00 | OK | |||
r-release-macos-x86_64 | 0.1.5 | 235.00 | OK | |||
r-release-windows-x86_64 | 0.1.5 | 115.00 | 147.00 | 262.00 | OK | |
r-oldrel-macos-arm64 | 0.1.5 | 123.00 | NOTE | |||
r-oldrel-macos-x86_64 | 0.1.5 | 198.00 | NOTE | |||
r-oldrel-windows-x86_64 | 0.1.5 | 137.00 | 191.00 | 328.00 | NOTE |
Version: 0.1.5
Check: installed package size
Result: NOTE
installed size is 50.2Mb
sub-directories of 1Mb or more:
libs 49.7Mb
Flavors: r-oldrel-macos-arm64, r-oldrel-macos-x86_64, r-oldrel-windows-x86_64
These binaries (installable software) and packages are in development.
They may not be fully stable and should be used with caution. We make no claims about them.