Last updated on 2025-11-12 18:50:38 CET.
| Flavor | Version | Tinstall | Tcheck | Ttotal | Status | Flags |
|---|---|---|---|---|---|---|
| r-devel-linux-x86_64-debian-clang | 0.1.5 | 120.80 | 133.78 | 254.58 | OK | |
| r-devel-linux-x86_64-debian-gcc | 0.1.5 | 96.77 | 97.75 | 194.52 | OK | |
| r-devel-linux-x86_64-fedora-clang | 0.1.5 | 500.00 | -84.49 | 415.51 | OK | |
| r-devel-linux-x86_64-fedora-gcc | 0.1.5 | 381.00 | 93.05 | 474.05 | OK | |
| r-devel-windows-x86_64 | 0.1.5 | 119.00 | 155.00 | 274.00 | OK | |
| r-patched-linux-x86_64 | 0.1.5 | 131.63 | 131.23 | 262.86 | OK | |
| r-release-linux-x86_64 | 0.1.5 | 138.12 | 130.88 | 269.00 | OK | |
| r-release-macos-arm64 | 0.1.5 | 71.00 | 57.00 | 128.00 | OK | |
| r-release-macos-x86_64 | 0.1.5 | 125.00 | 110.00 | 235.00 | OK | |
| r-release-windows-x86_64 | 0.1.5 | 118.00 | 151.00 | 269.00 | OK | |
| r-oldrel-macos-arm64 | 0.1.5 | 64.00 | 59.00 | 123.00 | NOTE | |
| r-oldrel-macos-x86_64 | 0.1.5 | 102.00 | 96.00 | 198.00 | NOTE | |
| r-oldrel-windows-x86_64 | 0.1.5 | 140.00 | 201.00 | 341.00 | NOTE |
Version: 0.1.5
Check: installed package size
Result: NOTE
installed size is 50.2Mb
sub-directories of 1Mb or more:
libs 49.7Mb
Flavors: r-oldrel-macos-arm64, r-oldrel-macos-x86_64, r-oldrel-windows-x86_64
These binaries (installable software) and packages are in development.
They may not be fully stable and should be used with caution. We make no claims about them.