Last updated on 2025-07-02 03:50:46 CEST.
Flavor | Version | Tinstall | Tcheck | Ttotal | Status | Flags |
---|---|---|---|---|---|---|
r-devel-linux-x86_64-debian-clang | 0.1.5 | 130.68 | 124.72 | 255.40 | OK | |
r-devel-linux-x86_64-debian-gcc | 0.1.5 | 95.22 | 89.50 | 184.72 | OK | |
r-devel-linux-x86_64-fedora-clang | 0.1.5 | 361.45 | OK | |||
r-devel-linux-x86_64-fedora-gcc | 0.1.5 | 441.17 | OK | |||
r-devel-windows-x86_64 | 0.1.5 | 116.00 | 150.00 | 266.00 | OK | |
r-patched-linux-x86_64 | OK | |||||
r-release-linux-x86_64 | 0.1.5 | 132.47 | 120.33 | 252.80 | OK | |
r-release-macos-arm64 | 0.1.5 | 128.00 | OK | |||
r-release-macos-x86_64 | 0.1.5 | 235.00 | OK | |||
r-release-windows-x86_64 | 0.1.5 | 118.00 | 149.00 | 267.00 | OK | |
r-oldrel-macos-arm64 | 0.1.5 | 123.00 | NOTE | |||
r-oldrel-macos-x86_64 | 0.1.5 | 198.00 | NOTE | |||
r-oldrel-windows-x86_64 | 0.1.5 | 139.00 | 187.00 | 326.00 | NOTE |
Version: 0.1.5
Check: installed package size
Result: NOTE
installed size is 50.2Mb
sub-directories of 1Mb or more:
libs 49.7Mb
Flavors: r-oldrel-macos-arm64, r-oldrel-macos-x86_64, r-oldrel-windows-x86_64
These binaries (installable software) and packages are in development.
They may not be fully stable and should be used with caution. We make no claims about them.