Last updated on 2025-02-16 10:50:52 CET.
Flavor | Version | Tinstall | Tcheck | Ttotal | Status | Flags |
---|---|---|---|---|---|---|
r-devel-linux-x86_64-debian-clang | 0.1.5 | 119.95 | 114.92 | 234.87 | OK | |
r-devel-linux-x86_64-debian-gcc | 0.1.5 | 90.85 | 85.66 | 176.51 | OK | |
r-devel-linux-x86_64-fedora-clang | 0.1.5 | 368.72 | OK | |||
r-devel-linux-x86_64-fedora-gcc | 0.1.5 | 455.53 | OK | |||
r-devel-macos-arm64 | 0.1.5 | 120.00 | OK | |||
r-devel-macos-x86_64 | 0.1.5 | 254.00 | OK | |||
r-devel-windows-x86_64 | 0.1.5 | 109.00 | 147.00 | 256.00 | OK | |
r-patched-linux-x86_64 | 0.1.5 | 130.87 | 112.43 | 243.30 | OK | |
r-release-linux-x86_64 | 0.1.5 | 125.52 | 113.06 | 238.58 | OK | |
r-release-macos-arm64 | 0.1.5 | 123.00 | NOTE | |||
r-release-macos-x86_64 | 0.1.5 | 198.00 | NOTE | |||
r-release-windows-x86_64 | 0.1.5 | 109.00 | 144.00 | 253.00 | NOTE | |
r-oldrel-macos-arm64 | 0.1.5 | 122.00 | NOTE | |||
r-oldrel-macos-x86_64 | 0.1.5 | 208.00 | NOTE | |||
r-oldrel-windows-x86_64 | 0.1.5 | 133.00 | 201.00 | 334.00 | NOTE |
Version: 0.1.5
Check: installed package size
Result: NOTE
installed size is 50.2Mb
sub-directories of 1Mb or more:
libs 49.7Mb
Flavors: r-release-macos-arm64, r-release-macos-x86_64, r-release-windows-x86_64, r-oldrel-macos-arm64, r-oldrel-macos-x86_64, r-oldrel-windows-x86_64
These binaries (installable software) and packages are in development.
They may not be fully stable and should be used with caution. We make no claims about them.