Last updated on 2025-02-16 10:50:52 CET.
Flavor | Version | Tinstall | Tcheck | Ttotal | Status | Flags |
---|---|---|---|---|---|---|
r-devel-linux-x86_64-debian-clang | 1.0.0 | 3.09 | 56.33 | 59.42 | NOTE | |
r-devel-linux-x86_64-debian-gcc | 1.0.0 | 1.95 | 37.97 | 39.92 | NOTE | |
r-devel-linux-x86_64-fedora-clang | 1.0.0 | 96.34 | NOTE | |||
r-devel-linux-x86_64-fedora-gcc | 1.0.0 | 105.47 | NOTE | |||
r-devel-macos-arm64 | 1.0.0 | 34.00 | NOTE | |||
r-devel-macos-x86_64 | 1.0.0 | 64.00 | NOTE | |||
r-devel-windows-x86_64 | 1.0.0 | 4.00 | 69.00 | 73.00 | NOTE | |
r-patched-linux-x86_64 | 1.0.0 | 2.85 | 53.20 | 56.05 | NOTE | |
r-release-linux-x86_64 | 1.0.0 | 2.98 | 53.12 | 56.10 | NOTE | |
r-release-macos-arm64 | 1.0.0 | 33.00 | NOTE | |||
r-release-macos-x86_64 | 1.0.0 | 51.00 | NOTE | |||
r-release-windows-x86_64 | 1.0.0 | 4.00 | 68.00 | 72.00 | NOTE | |
r-oldrel-macos-arm64 | 1.0.0 | 33.00 | NOTE | |||
r-oldrel-macos-x86_64 | 1.0.0 | 57.00 | NOTE | |||
r-oldrel-windows-x86_64 | 1.0.0 | 5.00 | 96.00 | 101.00 | NOTE |
Version: 1.0.0
Check: Rd files
Result: NOTE
checkRd: (-1) MMD_attr.Rd:62: Lost braces; missing escapes or markup?
62 | \item Probability of attribution of each unknown individual to each source $p_{u,s}$
| ^
Flavors: r-devel-linux-x86_64-debian-clang, r-devel-linux-x86_64-debian-gcc, r-devel-linux-x86_64-fedora-clang, r-devel-linux-x86_64-fedora-gcc, r-devel-macos-arm64, r-devel-macos-x86_64, r-devel-windows-x86_64, r-patched-linux-x86_64, r-release-linux-x86_64, r-release-macos-arm64, r-release-macos-x86_64, r-release-windows-x86_64
Version: 1.0.0
Check: LazyData
Result: NOTE
'LazyData' is specified without a 'data' directory
Flavors: r-patched-linux-x86_64, r-release-linux-x86_64, r-release-macos-arm64, r-release-macos-x86_64, r-release-windows-x86_64, r-oldrel-macos-arm64, r-oldrel-macos-x86_64, r-oldrel-windows-x86_64
These binaries (installable software) and packages are in development.
They may not be fully stable and should be used with caution. We make no claims about them.