Last updated on 2025-11-11 21:49:11 CET.
| Flavor | Version | Tinstall | Tcheck | Ttotal | Status | Flags |
|---|---|---|---|---|---|---|
| r-devel-linux-x86_64-debian-clang | 1.2.0 | 37.82 | 68.27 | 106.09 | OK | |
| r-devel-linux-x86_64-debian-gcc | 1.2.0 | 29.38 | 51.99 | 81.37 | OK | |
| r-devel-linux-x86_64-fedora-clang | 1.2.0 | 157.00 | 28.12 | 185.12 | NOTE | |
| r-devel-linux-x86_64-fedora-gcc | 1.2.0 | 115.00 | 80.45 | 195.45 | NOTE | |
| r-devel-windows-x86_64 | 1.2.0 | 44.00 | 98.00 | 142.00 | OK | |
| r-patched-linux-x86_64 | 1.2.0 | 44.26 | 65.08 | 109.34 | OK | |
| r-release-linux-x86_64 | 1.2.0 | 43.87 | 64.61 | 108.48 | OK | |
| r-release-macos-arm64 | 1.2.0 | 16.00 | 36.00 | 52.00 | OK | |
| r-release-macos-x86_64 | 1.2.0 | 33.00 | 68.00 | 101.00 | OK | |
| r-release-windows-x86_64 | 1.2.0 | 45.00 | 93.00 | 138.00 | OK | |
| r-oldrel-macos-arm64 | 1.2.0 | 14.00 | 42.00 | 56.00 | OK | |
| r-oldrel-macos-x86_64 | 1.2.0 | 39.00 | 75.00 | 114.00 | OK | |
| r-oldrel-windows-x86_64 | 1.2.0 | 56.00 | 118.00 | 174.00 | OK |
Version: 1.2.0
Check: dependencies in R code
Result: NOTE
Namespace in Imports field not imported from: ‘GFM’
All declared Imports should be used.
Flavors: r-devel-linux-x86_64-fedora-clang, r-devel-linux-x86_64-fedora-gcc
These binaries (installable software) and packages are in development.
They may not be fully stable and should be used with caution. We make no claims about them.