Last updated on 2025-07-25 03:51:29 CEST.
Flavor | Version | Tinstall | Tcheck | Ttotal | Status | Flags |
---|---|---|---|---|---|---|
r-devel-linux-x86_64-debian-clang | 0.8.0 | 32.67 | 51.72 | 84.39 | NOTE | |
r-devel-linux-x86_64-debian-gcc | 0.8.0 | 27.96 | 35.93 | 63.89 | NOTE | |
r-devel-linux-x86_64-fedora-clang | 0.8.0 | 145.27 | OK | |||
r-devel-linux-x86_64-fedora-gcc | 0.8.0 | 136.41 | OK | |||
r-devel-windows-x86_64 | 0.8.0 | 42.00 | 81.00 | 123.00 | OK | |
r-patched-linux-x86_64 | 0.8.0 | 35.45 | 45.14 | 80.59 | OK | |
r-release-linux-x86_64 | 0.8.0 | 34.53 | 45.52 | 80.05 | OK | |
r-release-macos-arm64 | 0.8.0 | 37.00 | OK | |||
r-release-macos-x86_64 | 0.8.0 | 66.00 | OK | |||
r-release-windows-x86_64 | 0.8.0 | 41.00 | 80.00 | 121.00 | OK | |
r-oldrel-macos-arm64 | 0.8.0 | 33.00 | NOTE | |||
r-oldrel-macos-x86_64 | 0.8.0 | 54.00 | NOTE | |||
r-oldrel-windows-x86_64 | 0.8.0 | 46.00 | 97.00 | 143.00 | NOTE |
Version: 0.8.0
Check: CRAN incoming feasibility
Result: NOTE
Maintainer: ‘Tae Kim <tk382@uchicago.edu>’
No Authors@R field in DESCRIPTION.
Please add one, modifying
Authors@R: person(given = "Tae",
family = "Kim",
role = c("aut", "cre"),
email = "tk382@uchicago.edu")
as necessary.
Flavors: r-devel-linux-x86_64-debian-clang, r-devel-linux-x86_64-debian-gcc
Version: 0.8.0
Check: LazyData
Result: NOTE
'LazyData' is specified without a 'data' directory
Flavors: r-oldrel-macos-arm64, r-oldrel-macos-x86_64, r-oldrel-windows-x86_64
These binaries (installable software) and packages are in development.
They may not be fully stable and should be used with caution. We make no claims about them.