CRAN Package Check Results for Package MMVBVS

Last updated on 2025-02-16 10:50:52 CET.

Flavor Version Tinstall Tcheck Ttotal Status Flags
r-devel-linux-x86_64-debian-clang 0.8.0 31.29 45.83 77.12 OK
r-devel-linux-x86_64-debian-gcc 0.8.0 26.11 30.77 56.88 OK
r-devel-linux-x86_64-fedora-clang 0.8.0 138.11 OK
r-devel-linux-x86_64-fedora-gcc 0.8.0 137.34 OK
r-devel-macos-arm64 0.8.0 38.00 OK
r-devel-macos-x86_64 0.8.0 68.00 OK
r-devel-windows-x86_64 0.8.0 37.00 81.00 118.00 OK
r-patched-linux-x86_64 0.8.0 32.71 39.99 72.70 NOTE
r-release-linux-x86_64 0.8.0 33.04 40.15 73.19 NOTE
r-release-macos-arm64 0.8.0 33.00 NOTE
r-release-macos-x86_64 0.8.0 54.00 NOTE
r-release-windows-x86_64 0.8.0 35.00 78.00 113.00 NOTE
r-oldrel-macos-arm64 0.8.0 44.00 NOTE
r-oldrel-macos-x86_64 0.8.0 58.00 NOTE
r-oldrel-windows-x86_64 0.8.0 43.00 113.00 156.00 NOTE

Check Details

Version: 0.8.0
Check: LazyData
Result: NOTE 'LazyData' is specified without a 'data' directory Flavors: r-patched-linux-x86_64, r-release-linux-x86_64, r-release-macos-arm64, r-release-macos-x86_64, r-release-windows-x86_64, r-oldrel-macos-arm64, r-oldrel-macos-x86_64, r-oldrel-windows-x86_64

These binaries (installable software) and packages are in development.
They may not be fully stable and should be used with caution. We make no claims about them.