Last updated on 2025-02-16 10:50:52 CET.
Flavor | Version | Tinstall | Tcheck | Ttotal | Status | Flags |
---|---|---|---|---|---|---|
r-devel-linux-x86_64-debian-clang | 1.1.0 | 10.68 | 93.90 | 104.58 | NOTE | |
r-devel-linux-x86_64-debian-gcc | 1.1.0 | 7.45 | 64.32 | 71.77 | NOTE | |
r-devel-linux-x86_64-fedora-clang | 1.1.0 | 164.22 | NOTE | |||
r-devel-linux-x86_64-fedora-gcc | 1.1.0 | 154.92 | NOTE | |||
r-devel-macos-arm64 | 1.1.0 | 47.00 | NOTE | |||
r-devel-macos-x86_64 | 1.1.0 | 90.00 | NOTE | |||
r-devel-windows-x86_64 | 1.1.0 | 11.00 | 95.00 | 106.00 | NOTE | |
r-patched-linux-x86_64 | 1.1.0 | 10.50 | 84.62 | 95.12 | NOTE | |
r-release-linux-x86_64 | 1.1.0 | 10.56 | 85.87 | 96.43 | NOTE | |
r-release-macos-arm64 | 1.1.0 | 46.00 | NOTE | |||
r-release-macos-x86_64 | 1.1.0 | 115.00 | NOTE | |||
r-release-windows-x86_64 | 1.1.0 | 11.00 | 96.00 | 107.00 | NOTE | |
r-oldrel-macos-arm64 | 1.1.0 | 48.00 | OK | |||
r-oldrel-macos-x86_64 | 1.1.0 | 82.00 | OK | |||
r-oldrel-windows-x86_64 | 1.1.0 | 14.00 | 121.00 | 135.00 | OK |
Version: 1.1.0
Check: Rd files
Result: NOTE
checkRd: (-1) rMNB.Rd:23: Lost braces; missing escapes or markup?
23 | It simulates a multivariate response variable, Y_{ij}, that is jth measurement
| ^
Flavors: r-devel-linux-x86_64-debian-clang, r-devel-linux-x86_64-debian-gcc, r-devel-linux-x86_64-fedora-clang, r-devel-linux-x86_64-fedora-gcc, r-devel-macos-arm64, r-devel-macos-x86_64, r-devel-windows-x86_64, r-patched-linux-x86_64, r-release-linux-x86_64, r-release-macos-arm64, r-release-macos-x86_64, r-release-windows-x86_64
These binaries (installable software) and packages are in development.
They may not be fully stable and should be used with caution. We make no claims about them.