Last updated on 2025-02-19 18:51:13 CET.
Flavor | Version | Tinstall | Tcheck | Ttotal | Status | Flags |
---|---|---|---|---|---|---|
r-devel-linux-x86_64-debian-clang | 0.0.8 | 1.91 | 37.37 | 39.28 | NOTE | |
r-devel-linux-x86_64-debian-gcc | 0.0.8 | 1.72 | 28.73 | 30.45 | NOTE | |
r-devel-linux-x86_64-fedora-clang | 0.0.8 | 68.31 | OK | |||
r-devel-linux-x86_64-fedora-gcc | 0.0.8 | 76.70 | OK | |||
r-devel-macos-arm64 | 0.0.8 | 30.00 | OK | |||
r-devel-macos-x86_64 | 0.0.8 | 71.00 | OK | |||
r-devel-windows-x86_64 | 0.0.8 | 4.00 | 60.00 | 64.00 | NOTE | |
r-patched-linux-x86_64 | 0.0.8 | 2.32 | 35.50 | 37.82 | OK | |
r-release-linux-x86_64 | 0.0.8 | 2.10 | 35.29 | 37.39 | OK | |
r-release-macos-arm64 | 0.0.8 | 28.00 | OK | |||
r-release-macos-x86_64 | 0.0.8 | 63.00 | OK | |||
r-release-windows-x86_64 | 0.0.8 | 4.00 | 66.00 | 70.00 | OK | |
r-oldrel-macos-arm64 | 0.0.8 | 26.00 | OK | |||
r-oldrel-macos-x86_64 | 0.0.8 | 44.00 | OK | |||
r-oldrel-windows-x86_64 | 0.0.8 | 3.00 | 88.00 | 91.00 | OK |
Version: 0.0.8
Check: Rd cross-references
Result: NOTE
Found the following Rd file(s) with Rd \link{} targets missing package
anchors:
mnl_fd2_ova.Rd: multinom, nnet
mnl_fd_ova.Rd: multinom, nnet
mnl_pred_ova.Rd: multinom, nnet
Please provide package anchors for all Rd \link{} targets not in the
package itself and the base packages.
Flavors: r-devel-linux-x86_64-debian-clang, r-devel-linux-x86_64-debian-gcc, r-devel-windows-x86_64
These binaries (installable software) and packages are in development.
They may not be fully stable and should be used with caution. We make no claims about them.