Last updated on 2025-05-03 22:50:00 CEST.
Flavor | Version | Tinstall | Tcheck | Ttotal | Status | Flags |
---|---|---|---|---|---|---|
r-devel-linux-x86_64-debian-clang | 1.4 | 2.18 | 35.88 | 38.06 | NOTE | |
r-devel-linux-x86_64-debian-gcc | 1.4 | 1.52 | 26.49 | 28.01 | NOTE | |
r-devel-linux-x86_64-fedora-clang | 1.4 | 59.04 | OK | |||
r-devel-linux-x86_64-fedora-gcc | 1.4 | 58.16 | OK | |||
r-devel-windows-x86_64 | 1.4 | 3.00 | 65.00 | 68.00 | OK | |
r-patched-linux-x86_64 | 1.4 | 2.27 | 34.34 | 36.61 | OK | |
r-release-linux-x86_64 | OK | |||||
r-release-macos-arm64 | 1.4 | 24.00 | OK | |||
r-release-macos-x86_64 | 1.4 | 49.00 | OK | |||
r-release-windows-x86_64 | 1.4 | 4.00 | 62.00 | 66.00 | OK | |
r-oldrel-macos-arm64 | 1.4 | 21.00 | OK | |||
r-oldrel-macos-x86_64 | 1.4 | 31.00 | OK | |||
r-oldrel-windows-x86_64 | 1.4 | 3.00 | 66.00 | 69.00 | OK |
Version: 1.4
Check: CRAN incoming feasibility
Result: NOTE
Maintainer: ‘Hans Kestler <hans.kestler@uni-ulm.de>’
No Authors@R field in DESCRIPTION.
Please add one, modifying
Authors@R: c(person(given = "Johann",
family = "Kraus",
role = "aut",
email = "johann.kraus@uni-ulm.de"),
person(given = "Hans",
family = "Kestler",
role = "cre",
email = "hans.kestler@uni-ulm.de"))
as necessary.
Flavors: r-devel-linux-x86_64-debian-clang, r-devel-linux-x86_64-debian-gcc
These binaries (installable software) and packages are in development.
They may not be fully stable and should be used with caution. We make no claims about them.