Last updated on 2025-10-23 23:49:37 CEST.
| Flavor | Version | Tinstall | Tcheck | Ttotal | Status | Flags |
|---|---|---|---|---|---|---|
| r-devel-linux-x86_64-debian-clang | 0.2 | 5.16 | 45.84 | 51.00 | NOTE | |
| r-devel-linux-x86_64-debian-gcc | 0.2 | 3.99 | 33.08 | 37.07 | NOTE | |
| r-devel-linux-x86_64-fedora-clang | 0.2 | 13.00 | 63.41 | 76.41 | OK | |
| r-devel-linux-x86_64-fedora-gcc | 0.2 | 29.00 | 52.02 | 81.02 | OK | |
| r-devel-windows-x86_64 | 0.2 | 6.00 | 57.00 | 63.00 | OK | |
| r-patched-linux-x86_64 | 0.2 | 5.43 | 43.39 | 48.82 | OK | |
| r-release-linux-x86_64 | 0.2 | 4.79 | 42.67 | 47.46 | OK | |
| r-release-macos-arm64 | 0.2 | 3.00 | 22.00 | 25.00 | OK | |
| r-release-macos-x86_64 | 0.2 | 5.00 | 37.00 | 42.00 | OK | |
| r-release-windows-x86_64 | 0.2 | 7.00 | 60.00 | 67.00 | OK | |
| r-oldrel-macos-arm64 | 0.2 | 2.00 | 21.00 | 23.00 | OK | |
| r-oldrel-macos-x86_64 | 0.2 | 4.00 | 31.00 | 35.00 | OK | |
| r-oldrel-windows-x86_64 | 0.2 | 9.00 | 72.00 | 81.00 | OK |
Version: 0.2
Check: CRAN incoming feasibility
Result: NOTE
Maintainer: ‘Ruizhe Hou <houruizhe1210@gmail.com>’
No Authors@R field in DESCRIPTION.
Please add one, modifying
Authors@R: c(person(given = "Ruizhe",
family = "Hou",
role = c("aut", "cre"),
email = "houruizhe1210@gmail.com"),
person(given = "Lu",
family = "Lu",
role = "aut"))
as necessary.
Flavors: r-devel-linux-x86_64-debian-clang, r-devel-linux-x86_64-debian-gcc
These binaries (installable software) and packages are in development.
They may not be fully stable and should be used with caution. We make no claims about them.