Last updated on 2025-05-01 10:50:16 CEST.
Flavor | Version | Tinstall | Tcheck | Ttotal | Status | Flags |
---|---|---|---|---|---|---|
r-devel-linux-x86_64-debian-clang | 0.1-6 | 14.42 | 36.98 | 51.40 | NOTE | |
r-devel-linux-x86_64-debian-gcc | 0.1-6 | 13.65 | 30.03 | 43.68 | NOTE | |
r-devel-linux-x86_64-fedora-clang | 0.1-6 | 88.96 | OK | |||
r-devel-linux-x86_64-fedora-gcc | 0.1-6 | 105.27 | OK | |||
r-devel-windows-x86_64 | 0.1-6 | 21.00 | 96.00 | 117.00 | OK | |
r-patched-linux-x86_64 | 0.1-6 | 16.86 | 35.88 | 52.74 | OK | |
r-release-linux-x86_64 | OK | |||||
r-release-macos-arm64 | 0.1-6 | 37.00 | OK | |||
r-release-macos-x86_64 | 0.1-6 | 69.00 | OK | |||
r-release-windows-x86_64 | 0.1-6 | 24.00 | 99.00 | 123.00 | OK | |
r-oldrel-macos-arm64 | 0.1-6 | 35.00 | OK | |||
r-oldrel-macos-x86_64 | 0.1-6 | 58.00 | OK | |||
r-oldrel-windows-x86_64 | 0.1-6 | 19.00 | 104.00 | 123.00 | OK |
Version: 0.1-6
Check: CRAN incoming feasibility
Result: NOTE
Maintainer: ‘Ignacio López-de-Ullibarri <ignacio.lopezdeullibarri@udc.es>’
No Authors@R field in DESCRIPTION.
Please add one, modifying
Authors@R: person(given = "Ignacio",
family = "López-de-Ullibarri",
role = c("aut", "cre"),
email = "ignacio.lopezdeullibarri@udc.es")
as necessary.
Flavors: r-devel-linux-x86_64-debian-clang, r-devel-linux-x86_64-debian-gcc
These binaries (installable software) and packages are in development.
They may not be fully stable and should be used with caution. We make no claims about them.