Last updated on 2025-05-08 04:52:11 CEST.
Flavor | Version | Tinstall | Tcheck | Ttotal | Status | Flags |
---|---|---|---|---|---|---|
r-devel-linux-x86_64-debian-clang | 1.1.4 | 3197.39 | 69.01 | 3266.40 | OK | |
r-devel-linux-x86_64-debian-gcc | 1.1.4 | 2265.84 | 48.32 | 2314.16 | OK | |
r-devel-linux-x86_64-fedora-clang | 1.1.4 | 6911.91 | OK | |||
r-devel-linux-x86_64-fedora-gcc | 1.1.4 | 2999.43 | OK | |||
r-patched-linux-x86_64 | 1.1.4 | 2781.51 | 65.80 | 2847.31 | OK | |
r-release-linux-x86_64 | 1.1.4 | 2774.39 | 65.43 | 2839.82 | OK | |
r-release-macos-arm64 | 1.1.4 | 529.00 | OK | |||
r-release-macos-x86_64 | 1.1.4 | 1212.00 | OK | |||
r-oldrel-macos-arm64 | 1.1.4 | 665.00 | NOTE | |||
r-oldrel-macos-x86_64 | 1.1.4 | 1271.00 | NOTE |
Version: 1.1.4
Check: installed package size
Result: NOTE
installed size is 5.6Mb
sub-directories of 1Mb or more:
libs 5.0Mb
Flavors: r-oldrel-macos-arm64, r-oldrel-macos-x86_64
These binaries (installable software) and packages are in development.
They may not be fully stable and should be used with caution. We make no claims about them.