Last updated on 2025-11-11 15:50:40 CET.
| Flavor | Version | Tinstall | Tcheck | Ttotal | Status | Flags |
|---|---|---|---|---|---|---|
| r-devel-linux-x86_64-debian-clang | 1.1.4 | 3069.60 | 72.44 | 3142.04 | OK | |
| r-devel-linux-x86_64-debian-gcc | 1.1.4 | 994.18 | 50.78 | 1044.96 | OK | |
| r-devel-linux-x86_64-fedora-clang | 1.1.4 | 4860.00 | 1919.42 | 6779.42 | OK | |
| r-devel-linux-x86_64-fedora-gcc | 1.1.4 | 1920.00 | 580.67 | 2500.67 | OK | |
| r-patched-linux-x86_64 | 1.1.4 | 2659.27 | 68.79 | 2728.06 | OK | |
| r-release-linux-x86_64 | 1.1.4 | 2663.73 | 68.29 | 2732.02 | OK | |
| r-release-macos-arm64 | 1.1.4 | 506.00 | 23.00 | 529.00 | OK | |
| r-release-macos-x86_64 | 1.1.4 | 1200.00 | 12.00 | 1212.00 | OK | |
| r-oldrel-macos-arm64 | 1.1.4 | 660.00 | 5.00 | 665.00 | NOTE | |
| r-oldrel-macos-x86_64 | 1.1.4 | 1200.00 | 71.00 | 1271.00 | NOTE |
Version: 1.1.4
Check: installed package size
Result: NOTE
installed size is 5.6Mb
sub-directories of 1Mb or more:
libs 5.0Mb
Flavors: r-oldrel-macos-arm64, r-oldrel-macos-x86_64
These binaries (installable software) and packages are in development.
They may not be fully stable and should be used with caution. We make no claims about them.