Last updated on 2025-11-11 15:50:40 CET.
| Flavor | Version | Tinstall | Tcheck | Ttotal | Status | Flags |
|---|---|---|---|---|---|---|
| r-devel-linux-x86_64-debian-clang | 2.3.1 | 81.70 | 257.53 | 339.23 | NOTE | |
| r-devel-linux-x86_64-debian-gcc | 2.3.1 | 43.76 | 151.55 | 195.31 | NOTE | |
| r-devel-linux-x86_64-fedora-clang | 2.3.1 | 368.00 | 217.85 | 585.85 | OK | |
| r-devel-linux-x86_64-fedora-gcc | 2.3.1 | 233.00 | 303.93 | 536.93 | OK | |
| r-devel-windows-x86_64 | 2.3.1 | 61.00 | 182.00 | 243.00 | OK | |
| r-patched-linux-x86_64 | 2.3.1 | 74.82 | 248.31 | 323.13 | OK | |
| r-release-linux-x86_64 | 2.3.1 | 76.40 | 240.76 | 317.16 | OK | |
| r-release-macos-arm64 | 2.3.1 | 30.00 | 89.00 | 119.00 | OK | |
| r-release-macos-x86_64 | 2.3.1 | 87.00 | 236.00 | 323.00 | OK | |
| r-release-windows-x86_64 | 2.3.1 | 67.00 | 175.00 | 242.00 | OK | |
| r-oldrel-macos-arm64 | 2.3.1 | 25.00 | 64.00 | 89.00 | OK | |
| r-oldrel-macos-x86_64 | 2.3.1 | 59.00 | 146.00 | 205.00 | OK | |
| r-oldrel-windows-x86_64 | 2.3.1 | 66.00 | 178.00 | 244.00 | OK |
Version: 2.3.1
Check: CRAN incoming feasibility
Result: NOTE
Maintainer: ‘Mahdi Teimouri <teimouri@aut.ac.ir>’
No Authors@R field in DESCRIPTION.
Please add one, modifying
Authors@R: c(person(given = "Mahdi",
family = "Teimouri",
role = c("aut", "cre"),
email = "teimouri@aut.ac.ir"),
person(given = "Saralees",
family = "Nadarajah",
role = "aut"))
as necessary.
Flavors: r-devel-linux-x86_64-debian-clang, r-devel-linux-x86_64-debian-gcc
These binaries (installable software) and packages are in development.
They may not be fully stable and should be used with caution. We make no claims about them.