CRAN Package Check Results for Package MPS

Last updated on 2025-07-01 11:49:24 CEST.

Flavor Version Tinstall Tcheck Ttotal Status Flags
r-devel-linux-x86_64-debian-clang 2.3.1 81.36 261.98 343.34 NOTE
r-devel-linux-x86_64-debian-gcc 2.3.1 44.78 147.08 191.86 NOTE
r-devel-linux-x86_64-fedora-clang 2.3.1 550.23 OK
r-devel-linux-x86_64-fedora-gcc 2.3.1 515.43 OK
r-devel-windows-x86_64 2.3.1 62.00 178.00 240.00 OK
r-patched-linux-x86_64 OK
r-release-linux-x86_64 2.3.1 79.03 252.93 331.96 OK
r-release-macos-arm64 2.3.1 119.00 OK
r-release-macos-x86_64 2.3.1 323.00 OK
r-release-windows-x86_64 2.3.1 65.00 183.00 248.00 OK
r-oldrel-macos-arm64 2.3.1 89.00 OK
r-oldrel-macos-x86_64 2.3.1 205.00 OK
r-oldrel-windows-x86_64 2.3.1 66.00 178.00 244.00 OK

Check Details

Version: 2.3.1
Check: CRAN incoming feasibility
Result: NOTE Maintainer: ‘Mahdi Teimouri <teimouri@aut.ac.ir>’ No Authors@R field in DESCRIPTION. Please add one, modifying Authors@R: c(person(given = "Mahdi", family = "Teimouri", role = c("aut", "cre"), email = "teimouri@aut.ac.ir"), person(given = "Saralees", family = "Nadarajah", role = "aut")) as necessary. Flavors: r-devel-linux-x86_64-debian-clang, r-devel-linux-x86_64-debian-gcc

These binaries (installable software) and packages are in development.
They may not be fully stable and should be used with caution. We make no claims about them.