Last updated on 2025-07-22 13:49:18 CEST.
Flavor | Version | Tinstall | Tcheck | Ttotal | Status | Flags |
---|---|---|---|---|---|---|
r-devel-linux-x86_64-debian-clang | 0.6 | 10.49 | 78.09 | 88.58 | NOTE | |
r-devel-linux-x86_64-debian-gcc | 0.6 | 7.32 | 56.92 | 64.24 | NOTE | |
r-devel-linux-x86_64-fedora-clang | 0.6 | 136.85 | OK | |||
r-devel-linux-x86_64-fedora-gcc | 0.6 | 133.42 | OK | |||
r-devel-windows-x86_64 | 0.6 | 11.00 | 82.00 | 93.00 | OK | |
r-patched-linux-x86_64 | 0.6 | 11.21 | 74.83 | 86.04 | OK | |
r-release-linux-x86_64 | 0.6 | 10.73 | 74.11 | 84.84 | OK | |
r-release-macos-arm64 | 0.6 | 47.00 | OK | |||
r-release-macos-x86_64 | 0.6 | 83.00 | OK | |||
r-release-windows-x86_64 | 0.6 | 12.00 | 83.00 | 95.00 | OK | |
r-oldrel-macos-arm64 | 0.6 | 39.00 | OK | |||
r-oldrel-macos-x86_64 | 0.6 | 63.00 | OK | |||
r-oldrel-windows-x86_64 | 0.6 | 16.00 | 101.00 | 117.00 | OK |
Version: 0.6
Check: CRAN incoming feasibility
Result: NOTE
Maintainer: ‘Chih-Li Sung <sungchih@msu.edu>’
No Authors@R field in DESCRIPTION.
Please add one, modifying
Authors@R: person(given = "Chih-Li",
family = "Sung",
role = c("aut", "cre"),
email = "sungchih@msu.edu")
as necessary.
Flavors: r-devel-linux-x86_64-debian-clang, r-devel-linux-x86_64-debian-gcc
These binaries (installable software) and packages are in development.
They may not be fully stable and should be used with caution. We make no claims about them.