CRAN Package Check Results for Package MRHawkes

Last updated on 2025-11-16 07:49:40 CET.

Flavor Version Tinstall Tcheck Ttotal Status Flags
r-devel-linux-x86_64-debian-clang 1.0 4.27 43.10 47.37 NOTE
r-devel-linux-x86_64-debian-gcc 1.0 3.36 32.23 35.59 NOTE
r-devel-linux-x86_64-fedora-clang 1.0 25.00 53.55 78.55 OK
r-devel-linux-x86_64-fedora-gcc 1.0 13.00 58.73 71.73 OK
r-devel-windows-x86_64 1.0 9.00 58.00 67.00 OK
r-patched-linux-x86_64 1.0 5.34 41.11 46.45 OK
r-release-linux-x86_64 1.0 5.83 40.65 46.48 OK
r-release-macos-arm64 1.0 3.00 23.00 26.00 OK
r-release-macos-x86_64 1.0 7.00 38.00 45.00 OK
r-release-windows-x86_64 1.0 7.00 59.00 66.00 OK
r-oldrel-macos-arm64 1.0 3.00 21.00 24.00 OK
r-oldrel-macos-x86_64 1.0 4.00 33.00 37.00 OK
r-oldrel-windows-x86_64 1.0 6.00 69.00 75.00 OK

Check Details

Version: 1.0
Check: CRAN incoming feasibility
Result: NOTE Maintainer: ‘Tom Stindl <t.stindl@unsw.edu.au>’ No Authors@R field in DESCRIPTION. Please add one, modifying Authors@R: c(person(given = "Tom", family = "Stindl", role = c("aut", "cre"), email = "t.stindl@unsw.edu.au"), person(given = "Feng", family = "Chen", role = "aut")) as necessary. Flavors: r-devel-linux-x86_64-debian-clang, r-devel-linux-x86_64-debian-gcc

These binaries (installable software) and packages are in development.
They may not be fully stable and should be used with caution. We make no claims about them.