CRAN Package Check Results for Package MRHawkes

Last updated on 2025-10-03 13:49:40 CEST.

Flavor Version Tinstall Tcheck Ttotal Status Flags
r-devel-linux-x86_64-debian-clang 1.0 5.96 43.09 49.05 NOTE
r-devel-linux-x86_64-debian-gcc 1.0 3.85 30.61 34.46 NOTE
r-devel-linux-x86_64-fedora-clang 1.0 73.93 OK
r-devel-linux-x86_64-fedora-gcc 1.0 71.29 OK
r-devel-windows-x86_64 1.0 6.00 61.00 67.00 OK
r-patched-linux-x86_64 1.0 5.93 40.89 46.82 OK
r-release-linux-x86_64 1.0 5.85 40.58 46.43 OK
r-release-macos-arm64 1.0 26.00 OK
r-release-macos-x86_64 1.0 45.00 OK
r-release-windows-x86_64 1.0 7.00 62.00 69.00 OK
r-oldrel-macos-arm64 1.0 24.00 OK
r-oldrel-macos-x86_64 1.0 37.00 OK
r-oldrel-windows-x86_64 1.0 6.00 71.00 77.00 OK

Check Details

Version: 1.0
Check: CRAN incoming feasibility
Result: NOTE Maintainer: ‘Tom Stindl <t.stindl@unsw.edu.au>’ No Authors@R field in DESCRIPTION. Please add one, modifying Authors@R: c(person(given = "Tom", family = "Stindl", role = c("aut", "cre"), email = "t.stindl@unsw.edu.au"), person(given = "Feng", family = "Chen", role = "aut")) as necessary. Flavors: r-devel-linux-x86_64-debian-clang, r-devel-linux-x86_64-debian-gcc

These binaries (installable software) and packages are in development.
They may not be fully stable and should be used with caution. We make no claims about them.