Last updated on 2025-05-01 14:49:15 CEST.
Flavor | Version | Tinstall | Tcheck | Ttotal | Status | Flags |
---|---|---|---|---|---|---|
r-devel-linux-x86_64-debian-clang | 0.2.0 | 32.59 | 148.15 | 180.74 | NOTE | |
r-devel-linux-x86_64-debian-gcc | 0.2.0 | 21.63 | 99.62 | 121.25 | OK | |
r-devel-linux-x86_64-fedora-clang | 0.2.0 | 266.59 | OK | |||
r-devel-linux-x86_64-fedora-gcc | 0.2.0 | 252.78 | OK | |||
r-devel-windows-x86_64 | 0.2.0 | 30.00 | 153.00 | 183.00 | OK | |
r-patched-linux-x86_64 | 0.2.0 | 33.55 | 136.33 | 169.88 | OK | |
r-release-linux-x86_64 | OK | |||||
r-release-macos-arm64 | 0.2.0 | 60.00 | OK | |||
r-release-macos-x86_64 | 0.2.0 | 149.00 | OK | |||
r-release-windows-x86_64 | 0.2.0 | 32.00 | 156.00 | 188.00 | OK | |
r-oldrel-macos-arm64 | 0.2.0 | 66.00 | OK | |||
r-oldrel-macos-x86_64 | 0.2.0 | 129.00 | OK | |||
r-oldrel-windows-x86_64 | 0.2.0 | 41.00 | 199.00 | 240.00 | OK |
Version: 0.2.0
Check: examples
Result: NOTE
Examples with CPU (user + system) or elapsed time > 5s
user system elapsed
mr_clr 6.631 0.082 7.527
Flavor: r-devel-linux-x86_64-debian-clang
These binaries (installable software) and packages are in development.
They may not be fully stable and should be used with caution. We make no claims about them.